{"id":914,"date":"2025-10-28T16:19:52","date_gmt":"2025-10-28T16:19:52","guid":{"rendered":"https:\/\/louisegaudelette.com\/?page_id=914"},"modified":"2025-11-07T12:00:36","modified_gmt":"2025-11-07T12:00:36","slug":"neurons-peppers","status":"publish","type":"page","link":"https:\/\/louisegaudelette.com\/index.php\/neurons-peppers\/","title":{"rendered":"Neurons &amp; Peppers"},"content":{"rendered":"\t\t<div data-elementor-type=\"wp-page\" data-elementor-id=\"914\" class=\"elementor elementor-914\">\n\t\t\t\t<div class=\"elementor-element elementor-element-611a58e6 e-flex e-con-boxed e-con e-parent\" data-id=\"611a58e6\" data-element_type=\"container\" data-e-type=\"container\">\n\t\t\t\t\t<div class=\"e-con-inner\">\n\t\t\t\t<div class=\"elementor-element elementor-element-650cafdb elementor-widget elementor-widget-image\" data-id=\"650cafdb\" data-element_type=\"widget\" data-e-type=\"widget\" data-widget_type=\"image.default\">\n\t\t\t\t\t\t\t\t\t\t\t\t\t\t\t<img fetchpriority=\"high\" decoding=\"async\" width=\"1024\" height=\"160\" src=\"https:\/\/louisegaudelette.com\/wp-content\/uploads\/2025\/10\/bandeau-np-1024x160.webp\" class=\"attachment-large size-large wp-image-921\" alt=\"\" srcset=\"https:\/\/louisegaudelette.com\/wp-content\/uploads\/2025\/10\/bandeau-np-1024x160.webp 1024w, https:\/\/louisegaudelette.com\/wp-content\/uploads\/2025\/10\/bandeau-np-300x47.webp 300w, https:\/\/louisegaudelette.com\/wp-content\/uploads\/2025\/10\/bandeau-np-768x120.webp 768w, https:\/\/louisegaudelette.com\/wp-content\/uploads\/2025\/10\/bandeau-np-1536x240.webp 1536w, https:\/\/louisegaudelette.com\/wp-content\/uploads\/2025\/10\/bandeau-np.webp 1920w\" sizes=\"(max-width: 1024px) 100vw, 1024px\" \/>\t\t\t\t\t\t\t\t\t\t\t\t\t\t\t<\/div>\n\t\t\t\t\t<\/div>\n\t\t\t\t<\/div>\n\t\t<div class=\"elementor-element elementor-element-41adb563 e-flex e-con-boxed e-con e-parent\" data-id=\"41adb563\" data-element_type=\"container\" data-e-type=\"container\">\n\t\t\t\t\t<div class=\"e-con-inner\">\n\t\t<div class=\"elementor-element elementor-element-1ab91516 e-con-full e-flex e-con e-child\" data-id=\"1ab91516\" data-element_type=\"container\" data-e-type=\"container\">\n\t\t\t\t<div class=\"elementor-element elementor-element-2f202455 elementor-widget elementor-widget-image\" data-id=\"2f202455\" data-element_type=\"widget\" data-e-type=\"widget\" data-widget_type=\"image.default\">\n\t\t\t\t\t\t\t\t\t\t\t\t\t\t\t<img decoding=\"async\" width=\"1024\" height=\"925\" src=\"https:\/\/louisegaudelette.com\/wp-content\/uploads\/2025\/10\/info-np-1024x925.webp\" class=\"attachment-large size-large wp-image-922\" alt=\"\" srcset=\"https:\/\/louisegaudelette.com\/wp-content\/uploads\/2025\/10\/info-np-1024x925.webp 1024w, https:\/\/louisegaudelette.com\/wp-content\/uploads\/2025\/10\/info-np-300x271.webp 300w, https:\/\/louisegaudelette.com\/wp-content\/uploads\/2025\/10\/info-np-768x693.webp 768w, https:\/\/louisegaudelette.com\/wp-content\/uploads\/2025\/10\/info-np-1536x1387.webp 1536w, https:\/\/louisegaudelette.com\/wp-content\/uploads\/2025\/10\/info-np.webp 1946w\" sizes=\"(max-width: 1024px) 100vw, 1024px\" \/>\t\t\t\t\t\t\t\t\t\t\t\t\t\t\t<\/div>\n\t\t\t\t<\/div>\n\t\t<div class=\"elementor-element elementor-element-3b4fc233 e-con-full e-flex e-con e-child\" data-id=\"3b4fc233\" data-element_type=\"container\" data-e-type=\"container\">\n\t\t\t\t<div class=\"elementor-element elementor-element-3994cd4 elementor-widget elementor-widget-text-editor\" data-id=\"3994cd4\" data-element_type=\"widget\" data-e-type=\"widget\" data-widget_type=\"text-editor.default\">\n\t\t\t\t\t\t\t\t\t<p>J\u2019ai accompagn\u00e9 datacraft, une startup sp\u00e9cialis\u00e9e en data science et intelligence artificielle, dans la conception de l\u2019identit\u00e9 visuelle de leur nouvel \u00e9v\u00e8nement : Neurons &amp; Peppers.<\/p><p>Neurons &amp; Peppers est un meetup d\u00e9di\u00e9 \u00e0 la recherche en intelligence artificielle, qui r\u00e9unit les experts du machine learning pour \u00e9changer, collaborer et rendre leurs travaux accessibles \u00e0 tous.<\/p><p>La mission consistait \u00e0 concevoir un logo s\u2019inscrivant dans l\u2019univers graphique de datacraft, tout en int\u00e9grant un piment, symbole fort de l\u2019\u00e9v\u00e9nement.<\/p>\t\t\t\t\t\t\t\t<\/div>\n\t\t\t\t<\/div>\n\t\t\t\t\t<\/div>\n\t\t\t\t<\/div>\n\t\t<div class=\"elementor-element elementor-element-4d2d8fa e-flex e-con-boxed e-con e-parent\" data-id=\"4d2d8fa\" data-element_type=\"container\" data-e-type=\"container\">\n\t\t\t\t\t<div class=\"e-con-inner\">\n\t\t\t\t<div class=\"elementor-element elementor-element-7769d326 elementor-widget elementor-widget-image\" data-id=\"7769d326\" data-element_type=\"widget\" data-e-type=\"widget\" data-widget_type=\"image.default\">\n\t\t\t\t\t\t\t\t\t\t\t\t\t\t\t<img decoding=\"async\" width=\"1024\" height=\"369\" src=\"https:\/\/louisegaudelette.com\/wp-content\/uploads\/2025\/10\/Fichier-10-1024x369.webp\" class=\"attachment-large size-large wp-image-926\" alt=\"\" srcset=\"https:\/\/louisegaudelette.com\/wp-content\/uploads\/2025\/10\/Fichier-10-1024x369.webp 1024w, https:\/\/louisegaudelette.com\/wp-content\/uploads\/2025\/10\/Fichier-10-300x108.webp 300w, https:\/\/louisegaudelette.com\/wp-content\/uploads\/2025\/10\/Fichier-10-768x276.webp 768w, https:\/\/louisegaudelette.com\/wp-content\/uploads\/2025\/10\/Fichier-10-1536x553.webp 1536w, https:\/\/louisegaudelette.com\/wp-content\/uploads\/2025\/10\/Fichier-10.webp 1920w\" sizes=\"(max-width: 1024px) 100vw, 1024px\" \/>\t\t\t\t\t\t\t\t\t\t\t\t\t\t\t<\/div>\n\t\t\t\t\t<\/div>\n\t\t\t\t<\/div>\n\t\t<div class=\"elementor-element elementor-element-630d567c e-flex e-con-boxed e-con e-parent\" data-id=\"630d567c\" data-element_type=\"container\" data-e-type=\"container\">\n\t\t\t\t\t<div class=\"e-con-inner\">\n\t\t\t\t<div class=\"elementor-element elementor-element-1c3bb27e elementor-widget elementor-widget-image\" data-id=\"1c3bb27e\" data-element_type=\"widget\" data-e-type=\"widget\" data-widget_type=\"image.default\">\n\t\t\t\t\t\t\t\t\t\t\t\t\t\t\t<img loading=\"lazy\" decoding=\"async\" width=\"1024\" height=\"369\" src=\"https:\/\/louisegaudelette.com\/wp-content\/uploads\/2025\/10\/Fichier-11-1024x369.webp\" class=\"attachment-large size-large wp-image-927\" alt=\"\" srcset=\"https:\/\/louisegaudelette.com\/wp-content\/uploads\/2025\/10\/Fichier-11-1024x369.webp 1024w, https:\/\/louisegaudelette.com\/wp-content\/uploads\/2025\/10\/Fichier-11-300x108.webp 300w, https:\/\/louisegaudelette.com\/wp-content\/uploads\/2025\/10\/Fichier-11-768x276.webp 768w, https:\/\/louisegaudelette.com\/wp-content\/uploads\/2025\/10\/Fichier-11-1536x553.webp 1536w, https:\/\/louisegaudelette.com\/wp-content\/uploads\/2025\/10\/Fichier-11.webp 1920w\" sizes=\"(max-width: 1024px) 100vw, 1024px\" \/>\t\t\t\t\t\t\t\t\t\t\t\t\t\t\t<\/div>\n\t\t\t\t\t<\/div>\n\t\t\t\t<\/div>\n\t\t<div class=\"elementor-element elementor-element-5492956e e-flex e-con-boxed e-con e-parent\" data-id=\"5492956e\" data-element_type=\"container\" data-e-type=\"container\">\n\t\t\t\t\t<div class=\"e-con-inner\">\n\t\t\t\t<div class=\"elementor-element elementor-element-34c8fe3a elementor-widget elementor-widget-image\" data-id=\"34c8fe3a\" data-element_type=\"widget\" data-e-type=\"widget\" data-widget_type=\"image.default\">\n\t\t\t\t\t\t\t\t\t\t\t\t\t\t\t<img loading=\"lazy\" decoding=\"async\" width=\"1024\" height=\"369\" src=\"https:\/\/louisegaudelette.com\/wp-content\/uploads\/2025\/10\/Fichier-12-1024x369.webp\" class=\"attachment-large size-large wp-image-928\" alt=\"\" srcset=\"https:\/\/louisegaudelette.com\/wp-content\/uploads\/2025\/10\/Fichier-12-1024x369.webp 1024w, https:\/\/louisegaudelette.com\/wp-content\/uploads\/2025\/10\/Fichier-12-300x108.webp 300w, https:\/\/louisegaudelette.com\/wp-content\/uploads\/2025\/10\/Fichier-12-768x276.webp 768w, https:\/\/louisegaudelette.com\/wp-content\/uploads\/2025\/10\/Fichier-12-1536x553.webp 1536w, https:\/\/louisegaudelette.com\/wp-content\/uploads\/2025\/10\/Fichier-12.webp 1920w\" sizes=\"(max-width: 1024px) 100vw, 1024px\" \/>\t\t\t\t\t\t\t\t\t\t\t\t\t\t\t<\/div>\n\t\t\t\t\t<\/div>\n\t\t\t\t<\/div>\n\t\t<div class=\"elementor-element elementor-element-59b94de2 e-flex e-con-boxed e-con e-parent\" data-id=\"59b94de2\" data-element_type=\"container\" data-e-type=\"container\">\n\t\t\t\t\t<div class=\"e-con-inner\">\n\t\t\t\t<div class=\"elementor-element elementor-element-16f4d847 elementor-widget elementor-widget-image\" data-id=\"16f4d847\" data-element_type=\"widget\" data-e-type=\"widget\" data-widget_type=\"image.default\">\n\t\t\t\t\t\t\t\t\t\t\t\t\t\t\t<img loading=\"lazy\" decoding=\"async\" width=\"1024\" height=\"243\" src=\"https:\/\/louisegaudelette.com\/wp-content\/uploads\/2025\/10\/Fichier-13-1024x243.webp\" class=\"attachment-large size-large wp-image-929\" alt=\"\" srcset=\"https:\/\/louisegaudelette.com\/wp-content\/uploads\/2025\/10\/Fichier-13-1024x243.webp 1024w, https:\/\/louisegaudelette.com\/wp-content\/uploads\/2025\/10\/Fichier-13-300x71.webp 300w, https:\/\/louisegaudelette.com\/wp-content\/uploads\/2025\/10\/Fichier-13-768x182.webp 768w, https:\/\/louisegaudelette.com\/wp-content\/uploads\/2025\/10\/Fichier-13-1536x365.webp 1536w, https:\/\/louisegaudelette.com\/wp-content\/uploads\/2025\/10\/Fichier-13.webp 1920w\" sizes=\"(max-width: 1024px) 100vw, 1024px\" \/>\t\t\t\t\t\t\t\t\t\t\t\t\t\t\t<\/div>\n\t\t\t\t\t<\/div>\n\t\t\t\t<\/div>\n\t\t<div class=\"elementor-element elementor-element-959c2ab e-flex e-con-boxed e-con e-parent\" data-id=\"959c2ab\" data-element_type=\"container\" data-e-type=\"container\">\n\t\t\t\t\t<div class=\"e-con-inner\">\n\t\t\t\t<div class=\"elementor-element elementor-element-9bee5fb elementor-widget elementor-widget-image\" data-id=\"9bee5fb\" data-element_type=\"widget\" data-e-type=\"widget\" data-widget_type=\"image.default\">\n\t\t\t\t\t\t\t\t\t\t\t\t\t\t\t<img loading=\"lazy\" decoding=\"async\" width=\"1024\" height=\"364\" src=\"https:\/\/louisegaudelette.com\/wp-content\/uploads\/2025\/10\/Fichier-14-1024x364.webp\" class=\"attachment-large size-large wp-image-930\" alt=\"\" srcset=\"https:\/\/louisegaudelette.com\/wp-content\/uploads\/2025\/10\/Fichier-14-1024x364.webp 1024w, https:\/\/louisegaudelette.com\/wp-content\/uploads\/2025\/10\/Fichier-14-300x107.webp 300w, https:\/\/louisegaudelette.com\/wp-content\/uploads\/2025\/10\/Fichier-14-768x273.webp 768w, https:\/\/louisegaudelette.com\/wp-content\/uploads\/2025\/10\/Fichier-14-1536x546.webp 1536w, https:\/\/louisegaudelette.com\/wp-content\/uploads\/2025\/10\/Fichier-14.webp 1920w\" sizes=\"(max-width: 1024px) 100vw, 1024px\" \/>\t\t\t\t\t\t\t\t\t\t\t\t\t\t\t<\/div>\n\t\t\t\t\t<\/div>\n\t\t\t\t<\/div>\n\t\t<div class=\"elementor-element elementor-element-7b0ce660 e-flex e-con-boxed e-con e-parent\" data-id=\"7b0ce660\" data-element_type=\"container\" data-e-type=\"container\">\n\t\t\t\t\t<div class=\"e-con-inner\">\n\t\t\t\t<div class=\"elementor-element elementor-element-6015b9ad elementor-align-center elementor-widget__width-auto e-transform elementor-widget elementor-widget-button\" data-id=\"6015b9ad\" data-element_type=\"widget\" data-e-type=\"widget\" data-settings=\"{&quot;_transform_scale_effect_mobile&quot;:{&quot;unit&quot;:&quot;px&quot;,&quot;size&quot;:0.8,&quot;sizes&quot;:[]},&quot;_transform_scale_effect&quot;:{&quot;unit&quot;:&quot;px&quot;,&quot;size&quot;:&quot;&quot;,&quot;sizes&quot;:[]},&quot;_transform_scale_effect_tablet&quot;:{&quot;unit&quot;:&quot;px&quot;,&quot;size&quot;:&quot;&quot;,&quot;sizes&quot;:[]}}\" data-widget_type=\"button.default\">\n\t\t\t\t\t\t\t\t\t\t<a class=\"elementor-button elementor-button-link elementor-size-sm\" href=\"https:\/\/louisegaudelette.com\/index.php\/portfolio\/\">\n\t\t\t\t\t\t<span class=\"elementor-button-content-wrapper\">\n\t\t\t\t\t\t\t\t\t<span class=\"elementor-button-text\">Retour<\/span>\n\t\t\t\t\t<\/span>\n\t\t\t\t\t<\/a>\n\t\t\t\t\t\t\t\t<\/div>\n\t\t\t\t\t<\/div>\n\t\t\t\t<\/div>\n\t\t\t\t<\/div>\n\t\t","protected":false},"excerpt":{"rendered":"<p>J\u2019ai accompagn\u00e9 datacraft, une startup sp\u00e9cialis\u00e9e en data science et intelligence artificielle, dans la conception de l\u2019identit\u00e9 visuelle de leur [&hellip;]<\/p>\n","protected":false},"author":1,"featured_media":0,"parent":0,"menu_order":0,"comment_status":"closed","ping_status":"closed","template":"","meta":{"site-sidebar-layout":"no-sidebar","site-content-layout":"","ast-site-content-layout":"full-width-container","site-content-style":"default","site-sidebar-style":"default","ast-global-header-display":"","ast-banner-title-visibility":"","ast-main-header-display":"","ast-hfb-above-header-display":"","ast-hfb-below-header-display":"","ast-hfb-mobile-header-display":"","site-post-title":"disabled","ast-breadcrumbs-content":"","ast-featured-img":"disabled","footer-sml-layout":"","theme-transparent-header-meta":"","adv-header-id-meta":"","stick-header-meta":"","header-above-stick-meta":"","header-main-stick-meta":"","header-below-stick-meta":"","astra-migrate-meta-layouts":"default","ast-page-background-enabled":"default","ast-page-background-meta":{"desktop":{"background-color":"var(--ast-global-color-5)","background-image":"","background-repeat":"repeat","background-position":"center center","background-size":"auto","background-attachment":"scroll","background-type":"","background-media":"","overlay-type":"","overlay-color":"","overlay-opacity":"","overlay-gradient":""},"tablet":{"background-color":"","background-image":"","background-repeat":"repeat","background-position":"center center","background-size":"auto","background-attachment":"scroll","background-type":"","background-media":"","overlay-type":"","overlay-color":"","overlay-opacity":"","overlay-gradient":""},"mobile":{"background-color":"","background-image":"","background-repeat":"repeat","background-position":"center center","background-size":"auto","background-attachment":"scroll","background-type":"","background-media":"","overlay-type":"","overlay-color":"","overlay-opacity":"","overlay-gradient":""}},"ast-content-background-meta":{"desktop":{"background-color":"var(--ast-global-color-4)","background-image":"","background-repeat":"repeat","background-position":"center center","background-size":"auto","background-attachment":"scroll","background-type":"","background-media":"","overlay-type":"","overlay-color":"","overlay-opacity":"","overlay-gradient":""},"tablet":{"background-color":"var(--ast-global-color-4)","background-image":"","background-repeat":"repeat","background-position":"center center","background-size":"auto","background-attachment":"scroll","background-type":"","background-media":"","overlay-type":"","overlay-color":"","overlay-opacity":"","overlay-gradient":""},"mobile":{"background-color":"var(--ast-global-color-4)","background-image":"","background-repeat":"repeat","background-position":"center center","background-size":"auto","background-attachment":"scroll","background-type":"","background-media":"","overlay-type":"","overlay-color":"","overlay-opacity":"","overlay-gradient":""}},"footnotes":""},"class_list":["post-914","page","type-page","status-publish","hentry"],"_links":{"self":[{"href":"https:\/\/louisegaudelette.com\/index.php\/wp-json\/wp\/v2\/pages\/914","targetHints":{"allow":["GET"]}}],"collection":[{"href":"https:\/\/louisegaudelette.com\/index.php\/wp-json\/wp\/v2\/pages"}],"about":[{"href":"https:\/\/louisegaudelette.com\/index.php\/wp-json\/wp\/v2\/types\/page"}],"author":[{"embeddable":true,"href":"https:\/\/louisegaudelette.com\/index.php\/wp-json\/wp\/v2\/users\/1"}],"replies":[{"embeddable":true,"href":"https:\/\/louisegaudelette.com\/index.php\/wp-json\/wp\/v2\/comments?post=914"}],"version-history":[{"count":19,"href":"https:\/\/louisegaudelette.com\/index.php\/wp-json\/wp\/v2\/pages\/914\/revisions"}],"predecessor-version":[{"id":1468,"href":"https:\/\/louisegaudelette.com\/index.php\/wp-json\/wp\/v2\/pages\/914\/revisions\/1468"}],"wp:attachment":[{"href":"https:\/\/louisegaudelette.com\/index.php\/wp-json\/wp\/v2\/media?parent=914"}],"curies":[{"name":"wp","href":"https:\/\/api.w.org\/{rel}","templated":true}]}}