{"id":891,"date":"2025-10-28T12:10:56","date_gmt":"2025-10-28T12:10:56","guid":{"rendered":"https:\/\/louisegaudelette.com\/?page_id=891"},"modified":"2025-11-07T11:56:59","modified_gmt":"2025-11-07T11:56:59","slug":"linstable-photographie","status":"publish","type":"page","link":"https:\/\/louisegaudelette.com\/index.php\/linstable-photographie\/","title":{"rendered":"Linstable Photographie"},"content":{"rendered":"\t\t<div data-elementor-type=\"wp-page\" data-elementor-id=\"891\" class=\"elementor elementor-891\">\n\t\t\t\t<div class=\"elementor-element elementor-element-62995f57 e-flex e-con-boxed e-con e-parent\" data-id=\"62995f57\" data-element_type=\"container\" data-e-type=\"container\">\n\t\t\t\t\t<div class=\"e-con-inner\">\n\t\t\t\t<div class=\"elementor-element elementor-element-112eb1bf elementor-widget elementor-widget-image\" data-id=\"112eb1bf\" data-element_type=\"widget\" data-e-type=\"widget\" data-widget_type=\"image.default\">\n\t\t\t\t\t\t\t\t\t\t\t\t\t\t\t<img fetchpriority=\"high\" decoding=\"async\" width=\"1024\" height=\"160\" src=\"https:\/\/louisegaudelette.com\/wp-content\/uploads\/2025\/10\/bandeau-linstable-1024x160.webp\" class=\"attachment-large size-large wp-image-893\" alt=\"\" srcset=\"https:\/\/louisegaudelette.com\/wp-content\/uploads\/2025\/10\/bandeau-linstable-1024x160.webp 1024w, https:\/\/louisegaudelette.com\/wp-content\/uploads\/2025\/10\/bandeau-linstable-300x47.webp 300w, https:\/\/louisegaudelette.com\/wp-content\/uploads\/2025\/10\/bandeau-linstable-768x120.webp 768w, https:\/\/louisegaudelette.com\/wp-content\/uploads\/2025\/10\/bandeau-linstable-1536x240.webp 1536w, https:\/\/louisegaudelette.com\/wp-content\/uploads\/2025\/10\/bandeau-linstable.webp 1920w\" sizes=\"(max-width: 1024px) 100vw, 1024px\" \/>\t\t\t\t\t\t\t\t\t\t\t\t\t\t\t<\/div>\n\t\t\t\t\t<\/div>\n\t\t\t\t<\/div>\n\t\t<div class=\"elementor-element elementor-element-6d75c1a1 e-flex e-con-boxed e-con e-parent\" data-id=\"6d75c1a1\" data-element_type=\"container\" data-e-type=\"container\">\n\t\t\t\t\t<div class=\"e-con-inner\">\n\t\t<div class=\"elementor-element elementor-element-344f4481 e-con-full e-flex e-con e-child\" data-id=\"344f4481\" data-element_type=\"container\" data-e-type=\"container\">\n\t\t\t\t<div class=\"elementor-element elementor-element-7d10f6bc elementor-widget elementor-widget-image\" data-id=\"7d10f6bc\" data-element_type=\"widget\" data-e-type=\"widget\" data-widget_type=\"image.default\">\n\t\t\t\t\t\t\t\t\t\t\t\t\t\t\t<img decoding=\"async\" width=\"1024\" height=\"790\" src=\"https:\/\/louisegaudelette.com\/wp-content\/uploads\/2025\/10\/infos-linstable-1024x790.webp\" class=\"attachment-large size-large wp-image-897\" alt=\"\" srcset=\"https:\/\/louisegaudelette.com\/wp-content\/uploads\/2025\/10\/infos-linstable-1024x790.webp 1024w, https:\/\/louisegaudelette.com\/wp-content\/uploads\/2025\/10\/infos-linstable-300x232.webp 300w, https:\/\/louisegaudelette.com\/wp-content\/uploads\/2025\/10\/infos-linstable-768x593.webp 768w, https:\/\/louisegaudelette.com\/wp-content\/uploads\/2025\/10\/infos-linstable-1536x1186.webp 1536w, https:\/\/louisegaudelette.com\/wp-content\/uploads\/2025\/10\/infos-linstable.webp 1946w\" sizes=\"(max-width: 1024px) 100vw, 1024px\" \/>\t\t\t\t\t\t\t\t\t\t\t\t\t\t\t<\/div>\n\t\t\t\t<\/div>\n\t\t<div class=\"elementor-element elementor-element-14fd2ff4 e-con-full e-flex e-con e-child\" data-id=\"14fd2ff4\" data-element_type=\"container\" data-e-type=\"container\">\n\t\t\t\t<div class=\"elementor-element elementor-element-17ab59bd elementor-widget elementor-widget-text-editor\" data-id=\"17ab59bd\" data-element_type=\"widget\" data-e-type=\"widget\" data-widget_type=\"text-editor.default\">\n\t\t\t\t\t\t\t\t\t<p>Durant mon alternance au sein de l\u2019agence de communication Ba\u00ef-Bao, j\u2019ai r\u00e9alis\u00e9 la mise en page du book photographique de Jean-Michel Landon, alias Linstable Photographie, consacr\u00e9 \u00e0 sa s\u00e9rie documentaire La vie des blocs.<\/p>\t\t\t\t\t\t\t\t<\/div>\n\t\t\t\t<\/div>\n\t\t\t\t\t<\/div>\n\t\t\t\t<\/div>\n\t\t<div class=\"elementor-element elementor-element-4c60a26a e-flex e-con-boxed e-con e-parent\" data-id=\"4c60a26a\" data-element_type=\"container\" data-e-type=\"container\">\n\t\t\t\t\t<div class=\"e-con-inner\">\n\t\t\t\t<div class=\"elementor-element elementor-element-3bdf9fbf elementor-widget elementor-widget-image\" data-id=\"3bdf9fbf\" data-element_type=\"widget\" data-e-type=\"widget\" data-widget_type=\"image.default\">\n\t\t\t\t\t\t\t\t\t\t\t\t\t\t\t<img decoding=\"async\" width=\"1024\" height=\"655\" src=\"https:\/\/louisegaudelette.com\/wp-content\/uploads\/2025\/10\/couverture-1024x655.webp\" class=\"attachment-large size-large wp-image-901\" alt=\"\" srcset=\"https:\/\/louisegaudelette.com\/wp-content\/uploads\/2025\/10\/couverture-1024x655.webp 1024w, https:\/\/louisegaudelette.com\/wp-content\/uploads\/2025\/10\/couverture-300x192.webp 300w, https:\/\/louisegaudelette.com\/wp-content\/uploads\/2025\/10\/couverture-768x492.webp 768w, https:\/\/louisegaudelette.com\/wp-content\/uploads\/2025\/10\/couverture-1536x983.webp 1536w, https:\/\/louisegaudelette.com\/wp-content\/uploads\/2025\/10\/couverture.webp 1920w\" sizes=\"(max-width: 1024px) 100vw, 1024px\" \/>\t\t\t\t\t\t\t\t\t\t\t\t\t\t\t<\/div>\n\t\t\t\t\t<\/div>\n\t\t\t\t<\/div>\n\t\t<div class=\"elementor-element elementor-element-2c882327 e-flex e-con-boxed e-con e-parent\" data-id=\"2c882327\" data-element_type=\"container\" data-e-type=\"container\">\n\t\t\t\t\t<div class=\"e-con-inner\">\n\t\t\t\t<div class=\"elementor-element elementor-element-5bc690c4 elementor-widget elementor-widget-image\" data-id=\"5bc690c4\" data-element_type=\"widget\" data-e-type=\"widget\" data-widget_type=\"image.default\">\n\t\t\t\t\t\t\t\t\t\t\t\t\t\t\t<img loading=\"lazy\" decoding=\"async\" width=\"1024\" height=\"469\" src=\"https:\/\/louisegaudelette.com\/wp-content\/uploads\/2025\/10\/page1-1024x469.webp\" class=\"attachment-large size-large wp-image-902\" alt=\"\" srcset=\"https:\/\/louisegaudelette.com\/wp-content\/uploads\/2025\/10\/page1-1024x469.webp 1024w, https:\/\/louisegaudelette.com\/wp-content\/uploads\/2025\/10\/page1-300x138.webp 300w, https:\/\/louisegaudelette.com\/wp-content\/uploads\/2025\/10\/page1-768x352.webp 768w, https:\/\/louisegaudelette.com\/wp-content\/uploads\/2025\/10\/page1-1536x704.webp 1536w, https:\/\/louisegaudelette.com\/wp-content\/uploads\/2025\/10\/page1.webp 1920w\" sizes=\"(max-width: 1024px) 100vw, 1024px\" \/>\t\t\t\t\t\t\t\t\t\t\t\t\t\t\t<\/div>\n\t\t\t\t\t<\/div>\n\t\t\t\t<\/div>\n\t\t<div class=\"elementor-element elementor-element-26c5e37a e-flex e-con-boxed e-con e-parent\" data-id=\"26c5e37a\" data-element_type=\"container\" data-e-type=\"container\">\n\t\t\t\t\t<div class=\"e-con-inner\">\n\t\t\t\t<div class=\"elementor-element elementor-element-5edb98a0 elementor-widget elementor-widget-image\" data-id=\"5edb98a0\" data-element_type=\"widget\" data-e-type=\"widget\" data-widget_type=\"image.default\">\n\t\t\t\t\t\t\t\t\t\t\t\t\t\t\t<img loading=\"lazy\" decoding=\"async\" width=\"1024\" height=\"469\" src=\"https:\/\/louisegaudelette.com\/wp-content\/uploads\/2025\/10\/page2webp-1024x469.webp\" class=\"attachment-large size-large wp-image-903\" alt=\"\" srcset=\"https:\/\/louisegaudelette.com\/wp-content\/uploads\/2025\/10\/page2webp-1024x469.webp 1024w, https:\/\/louisegaudelette.com\/wp-content\/uploads\/2025\/10\/page2webp-300x138.webp 300w, https:\/\/louisegaudelette.com\/wp-content\/uploads\/2025\/10\/page2webp-768x352.webp 768w, https:\/\/louisegaudelette.com\/wp-content\/uploads\/2025\/10\/page2webp-1536x704.webp 1536w, https:\/\/louisegaudelette.com\/wp-content\/uploads\/2025\/10\/page2webp.webp 1920w\" sizes=\"(max-width: 1024px) 100vw, 1024px\" \/>\t\t\t\t\t\t\t\t\t\t\t\t\t\t\t<\/div>\n\t\t\t\t\t<\/div>\n\t\t\t\t<\/div>\n\t\t<div class=\"elementor-element elementor-element-630a9ff7 e-flex e-con-boxed e-con e-parent\" data-id=\"630a9ff7\" data-element_type=\"container\" data-e-type=\"container\">\n\t\t\t\t\t<div class=\"e-con-inner\">\n\t\t\t\t<div class=\"elementor-element elementor-element-c1b5db6 elementor-widget elementor-widget-image\" data-id=\"c1b5db6\" data-element_type=\"widget\" data-e-type=\"widget\" data-widget_type=\"image.default\">\n\t\t\t\t\t\t\t\t\t\t\t\t\t\t\t<img loading=\"lazy\" decoding=\"async\" width=\"1024\" height=\"469\" src=\"https:\/\/louisegaudelette.com\/wp-content\/uploads\/2025\/10\/page3-1024x469.webp\" class=\"attachment-large size-large wp-image-904\" alt=\"\" srcset=\"https:\/\/louisegaudelette.com\/wp-content\/uploads\/2025\/10\/page3-1024x469.webp 1024w, https:\/\/louisegaudelette.com\/wp-content\/uploads\/2025\/10\/page3-300x138.webp 300w, https:\/\/louisegaudelette.com\/wp-content\/uploads\/2025\/10\/page3-768x352.webp 768w, https:\/\/louisegaudelette.com\/wp-content\/uploads\/2025\/10\/page3-1536x704.webp 1536w, https:\/\/louisegaudelette.com\/wp-content\/uploads\/2025\/10\/page3.webp 1920w\" sizes=\"(max-width: 1024px) 100vw, 1024px\" \/>\t\t\t\t\t\t\t\t\t\t\t\t\t\t\t<\/div>\n\t\t\t\t\t<\/div>\n\t\t\t\t<\/div>\n\t\t<div class=\"elementor-element elementor-element-e33dc61 e-flex e-con-boxed e-con e-parent\" data-id=\"e33dc61\" data-element_type=\"container\" data-e-type=\"container\">\n\t\t\t\t\t<div class=\"e-con-inner\">\n\t\t\t\t<div class=\"elementor-element elementor-element-835f74d elementor-widget elementor-widget-image\" data-id=\"835f74d\" data-element_type=\"widget\" data-e-type=\"widget\" data-widget_type=\"image.default\">\n\t\t\t\t\t\t\t\t\t\t\t\t\t\t\t<img loading=\"lazy\" decoding=\"async\" width=\"1024\" height=\"469\" src=\"https:\/\/louisegaudelette.com\/wp-content\/uploads\/2025\/10\/page4-1024x469.webp\" class=\"attachment-large size-large wp-image-905\" alt=\"\" srcset=\"https:\/\/louisegaudelette.com\/wp-content\/uploads\/2025\/10\/page4-1024x469.webp 1024w, https:\/\/louisegaudelette.com\/wp-content\/uploads\/2025\/10\/page4-300x138.webp 300w, https:\/\/louisegaudelette.com\/wp-content\/uploads\/2025\/10\/page4-768x352.webp 768w, https:\/\/louisegaudelette.com\/wp-content\/uploads\/2025\/10\/page4-1536x704.webp 1536w, https:\/\/louisegaudelette.com\/wp-content\/uploads\/2025\/10\/page4.webp 1920w\" sizes=\"(max-width: 1024px) 100vw, 1024px\" \/>\t\t\t\t\t\t\t\t\t\t\t\t\t\t\t<\/div>\n\t\t\t\t\t<\/div>\n\t\t\t\t<\/div>\n\t\t<div class=\"elementor-element elementor-element-57c5345 e-flex e-con-boxed e-con e-parent\" data-id=\"57c5345\" data-element_type=\"container\" data-e-type=\"container\">\n\t\t\t\t\t<div class=\"e-con-inner\">\n\t\t\t\t<div class=\"elementor-element elementor-element-3b71df8 elementor-widget elementor-widget-image\" data-id=\"3b71df8\" data-element_type=\"widget\" data-e-type=\"widget\" data-widget_type=\"image.default\">\n\t\t\t\t\t\t\t\t\t\t\t\t\t\t\t<img loading=\"lazy\" decoding=\"async\" width=\"1024\" height=\"469\" src=\"https:\/\/louisegaudelette.com\/wp-content\/uploads\/2025\/10\/page5-1024x469.webp\" class=\"attachment-large size-large wp-image-906\" alt=\"\" srcset=\"https:\/\/louisegaudelette.com\/wp-content\/uploads\/2025\/10\/page5-1024x469.webp 1024w, https:\/\/louisegaudelette.com\/wp-content\/uploads\/2025\/10\/page5-300x138.webp 300w, https:\/\/louisegaudelette.com\/wp-content\/uploads\/2025\/10\/page5-768x352.webp 768w, https:\/\/louisegaudelette.com\/wp-content\/uploads\/2025\/10\/page5-1536x704.webp 1536w, https:\/\/louisegaudelette.com\/wp-content\/uploads\/2025\/10\/page5.webp 1920w\" sizes=\"(max-width: 1024px) 100vw, 1024px\" \/>\t\t\t\t\t\t\t\t\t\t\t\t\t\t\t<\/div>\n\t\t\t\t\t<\/div>\n\t\t\t\t<\/div>\n\t\t<div class=\"elementor-element elementor-element-06ba6ae e-flex e-con-boxed e-con e-parent\" data-id=\"06ba6ae\" data-element_type=\"container\" data-e-type=\"container\">\n\t\t\t\t\t<div class=\"e-con-inner\">\n\t\t\t\t<div class=\"elementor-element elementor-element-d45b57b elementor-widget elementor-widget-image\" data-id=\"d45b57b\" data-element_type=\"widget\" data-e-type=\"widget\" data-widget_type=\"image.default\">\n\t\t\t\t\t\t\t\t\t\t\t\t\t\t\t<img loading=\"lazy\" decoding=\"async\" width=\"1024\" height=\"469\" src=\"https:\/\/louisegaudelette.com\/wp-content\/uploads\/2025\/10\/page6-1024x469.webp\" class=\"attachment-large size-large wp-image-907\" alt=\"\" srcset=\"https:\/\/louisegaudelette.com\/wp-content\/uploads\/2025\/10\/page6-1024x469.webp 1024w, https:\/\/louisegaudelette.com\/wp-content\/uploads\/2025\/10\/page6-300x138.webp 300w, https:\/\/louisegaudelette.com\/wp-content\/uploads\/2025\/10\/page6-768x352.webp 768w, https:\/\/louisegaudelette.com\/wp-content\/uploads\/2025\/10\/page6-1536x704.webp 1536w, https:\/\/louisegaudelette.com\/wp-content\/uploads\/2025\/10\/page6.webp 1920w\" sizes=\"(max-width: 1024px) 100vw, 1024px\" \/>\t\t\t\t\t\t\t\t\t\t\t\t\t\t\t<\/div>\n\t\t\t\t\t<\/div>\n\t\t\t\t<\/div>\n\t\t<div class=\"elementor-element elementor-element-4e47a229 e-flex e-con-boxed e-con e-parent\" data-id=\"4e47a229\" data-element_type=\"container\" data-e-type=\"container\">\n\t\t\t\t\t<div class=\"e-con-inner\">\n\t\t\t\t<div class=\"elementor-element elementor-element-7ee5d1df elementor-align-center elementor-widget__width-auto e-transform elementor-widget elementor-widget-button\" data-id=\"7ee5d1df\" data-element_type=\"widget\" data-e-type=\"widget\" data-settings=\"{&quot;_transform_scale_effect_mobile&quot;:{&quot;unit&quot;:&quot;px&quot;,&quot;size&quot;:0.8,&quot;sizes&quot;:[]},&quot;_transform_scale_effect&quot;:{&quot;unit&quot;:&quot;px&quot;,&quot;size&quot;:&quot;&quot;,&quot;sizes&quot;:[]},&quot;_transform_scale_effect_tablet&quot;:{&quot;unit&quot;:&quot;px&quot;,&quot;size&quot;:&quot;&quot;,&quot;sizes&quot;:[]}}\" data-widget_type=\"button.default\">\n\t\t\t\t\t\t\t\t\t\t<a class=\"elementor-button elementor-button-link elementor-size-sm\" href=\"https:\/\/louisegaudelette.com\/index.php\/portfolio\/\">\n\t\t\t\t\t\t<span class=\"elementor-button-content-wrapper\">\n\t\t\t\t\t\t\t\t\t<span class=\"elementor-button-text\">Retour<\/span>\n\t\t\t\t\t<\/span>\n\t\t\t\t\t<\/a>\n\t\t\t\t\t\t\t\t<\/div>\n\t\t\t\t\t<\/div>\n\t\t\t\t<\/div>\n\t\t\t\t<\/div>\n\t\t","protected":false},"excerpt":{"rendered":"<p>Durant mon alternance au sein de l\u2019agence de communication Ba\u00ef-Bao, j\u2019ai r\u00e9alis\u00e9 la mise en page du book photographique de [&hellip;]<\/p>\n","protected":false},"author":1,"featured_media":0,"parent":0,"menu_order":0,"comment_status":"closed","ping_status":"closed","template":"","meta":{"site-sidebar-layout":"no-sidebar","site-content-layout":"","ast-site-content-layout":"full-width-container","site-content-style":"default","site-sidebar-style":"default","ast-global-header-display":"","ast-banner-title-visibility":"","ast-main-header-display":"","ast-hfb-above-header-display":"","ast-hfb-below-header-display":"","ast-hfb-mobile-header-display":"","site-post-title":"disabled","ast-breadcrumbs-content":"","ast-featured-img":"disabled","footer-sml-layout":"","theme-transparent-header-meta":"","adv-header-id-meta":"","stick-header-meta":"","header-above-stick-meta":"","header-main-stick-meta":"","header-below-stick-meta":"","astra-migrate-meta-layouts":"default","ast-page-background-enabled":"default","ast-page-background-meta":{"desktop":{"background-color":"var(--ast-global-color-5)","background-image":"","background-repeat":"repeat","background-position":"center center","background-size":"auto","background-attachment":"scroll","background-type":"","background-media":"","overlay-type":"","overlay-color":"","overlay-opacity":"","overlay-gradient":""},"tablet":{"background-color":"","background-image":"","background-repeat":"repeat","background-position":"center center","background-size":"auto","background-attachment":"scroll","background-type":"","background-media":"","overlay-type":"","overlay-color":"","overlay-opacity":"","overlay-gradient":""},"mobile":{"background-color":"","background-image":"","background-repeat":"repeat","background-position":"center center","background-size":"auto","background-attachment":"scroll","background-type":"","background-media":"","overlay-type":"","overlay-color":"","overlay-opacity":"","overlay-gradient":""}},"ast-content-background-meta":{"desktop":{"background-color":"var(--ast-global-color-4)","background-image":"","background-repeat":"repeat","background-position":"center center","background-size":"auto","background-attachment":"scroll","background-type":"","background-media":"","overlay-type":"","overlay-color":"","overlay-opacity":"","overlay-gradient":""},"tablet":{"background-color":"var(--ast-global-color-4)","background-image":"","background-repeat":"repeat","background-position":"center center","background-size":"auto","background-attachment":"scroll","background-type":"","background-media":"","overlay-type":"","overlay-color":"","overlay-opacity":"","overlay-gradient":""},"mobile":{"background-color":"var(--ast-global-color-4)","background-image":"","background-repeat":"repeat","background-position":"center center","background-size":"auto","background-attachment":"scroll","background-type":"","background-media":"","overlay-type":"","overlay-color":"","overlay-opacity":"","overlay-gradient":""}},"footnotes":""},"class_list":["post-891","page","type-page","status-publish","hentry"],"_links":{"self":[{"href":"https:\/\/louisegaudelette.com\/index.php\/wp-json\/wp\/v2\/pages\/891","targetHints":{"allow":["GET"]}}],"collection":[{"href":"https:\/\/louisegaudelette.com\/index.php\/wp-json\/wp\/v2\/pages"}],"about":[{"href":"https:\/\/louisegaudelette.com\/index.php\/wp-json\/wp\/v2\/types\/page"}],"author":[{"embeddable":true,"href":"https:\/\/louisegaudelette.com\/index.php\/wp-json\/wp\/v2\/users\/1"}],"replies":[{"embeddable":true,"href":"https:\/\/louisegaudelette.com\/index.php\/wp-json\/wp\/v2\/comments?post=891"}],"version-history":[{"count":16,"href":"https:\/\/louisegaudelette.com\/index.php\/wp-json\/wp\/v2\/pages\/891\/revisions"}],"predecessor-version":[{"id":1465,"href":"https:\/\/louisegaudelette.com\/index.php\/wp-json\/wp\/v2\/pages\/891\/revisions\/1465"}],"wp:attachment":[{"href":"https:\/\/louisegaudelette.com\/index.php\/wp-json\/wp\/v2\/media?parent=891"}],"curies":[{"name":"wp","href":"https:\/\/api.w.org\/{rel}","templated":true}]}}