{"id":849,"date":"2025-10-28T09:49:07","date_gmt":"2025-10-28T09:49:07","guid":{"rendered":"https:\/\/louisegaudelette.com\/?page_id=849"},"modified":"2025-11-07T11:54:05","modified_gmt":"2025-11-07T11:54:05","slug":"janluk","status":"publish","type":"page","link":"https:\/\/louisegaudelette.com\/index.php\/janluk\/","title":{"rendered":"Janluk"},"content":{"rendered":"\t\t<div data-elementor-type=\"wp-page\" data-elementor-id=\"849\" class=\"elementor elementor-849\">\n\t\t\t\t<div class=\"elementor-element elementor-element-2f4400d0 e-flex e-con-boxed e-con e-parent\" data-id=\"2f4400d0\" data-element_type=\"container\" data-e-type=\"container\">\n\t\t\t\t\t<div class=\"e-con-inner\">\n\t\t\t\t<div class=\"elementor-element elementor-element-724a47a3 elementor-widget elementor-widget-image\" data-id=\"724a47a3\" data-element_type=\"widget\" data-e-type=\"widget\" data-widget_type=\"image.default\">\n\t\t\t\t\t\t\t\t\t\t\t\t\t\t\t<img fetchpriority=\"high\" decoding=\"async\" width=\"1024\" height=\"160\" src=\"https:\/\/louisegaudelette.com\/wp-content\/uploads\/2025\/10\/bandeau-janluk-1024x160.webp\" class=\"attachment-large size-large wp-image-857\" alt=\"\" srcset=\"https:\/\/louisegaudelette.com\/wp-content\/uploads\/2025\/10\/bandeau-janluk-1024x160.webp 1024w, https:\/\/louisegaudelette.com\/wp-content\/uploads\/2025\/10\/bandeau-janluk-300x47.webp 300w, https:\/\/louisegaudelette.com\/wp-content\/uploads\/2025\/10\/bandeau-janluk-768x120.webp 768w, https:\/\/louisegaudelette.com\/wp-content\/uploads\/2025\/10\/bandeau-janluk-1536x240.webp 1536w, https:\/\/louisegaudelette.com\/wp-content\/uploads\/2025\/10\/bandeau-janluk.webp 1920w\" sizes=\"(max-width: 1024px) 100vw, 1024px\" \/>\t\t\t\t\t\t\t\t\t\t\t\t\t\t\t<\/div>\n\t\t\t\t\t<\/div>\n\t\t\t\t<\/div>\n\t\t<div class=\"elementor-element elementor-element-67e26159 e-flex e-con-boxed e-con e-parent\" data-id=\"67e26159\" data-element_type=\"container\" data-e-type=\"container\">\n\t\t\t\t\t<div class=\"e-con-inner\">\n\t\t<div class=\"elementor-element elementor-element-454d9320 e-con-full e-flex e-con e-child\" data-id=\"454d9320\" data-element_type=\"container\" data-e-type=\"container\">\n\t\t\t\t<div class=\"elementor-element elementor-element-22204141 elementor-widget elementor-widget-image\" data-id=\"22204141\" data-element_type=\"widget\" data-e-type=\"widget\" data-widget_type=\"image.default\">\n\t\t\t\t\t\t\t\t\t\t\t\t\t\t\t<img decoding=\"async\" width=\"1024\" height=\"790\" src=\"https:\/\/louisegaudelette.com\/wp-content\/uploads\/2025\/10\/infos-janluk-1024x790.webp\" class=\"attachment-large size-large wp-image-861\" alt=\"\" srcset=\"https:\/\/louisegaudelette.com\/wp-content\/uploads\/2025\/10\/infos-janluk-1024x790.webp 1024w, https:\/\/louisegaudelette.com\/wp-content\/uploads\/2025\/10\/infos-janluk-300x232.webp 300w, https:\/\/louisegaudelette.com\/wp-content\/uploads\/2025\/10\/infos-janluk-768x593.webp 768w, https:\/\/louisegaudelette.com\/wp-content\/uploads\/2025\/10\/infos-janluk-1536x1186.webp 1536w, https:\/\/louisegaudelette.com\/wp-content\/uploads\/2025\/10\/infos-janluk.webp 1946w\" sizes=\"(max-width: 1024px) 100vw, 1024px\" \/>\t\t\t\t\t\t\t\t\t\t\t\t\t\t\t<\/div>\n\t\t\t\t<\/div>\n\t\t<div class=\"elementor-element elementor-element-695f04b6 e-con-full e-flex e-con e-child\" data-id=\"695f04b6\" data-element_type=\"container\" data-e-type=\"container\">\n\t\t\t\t<div class=\"elementor-element elementor-element-2b3a41f4 elementor-widget elementor-widget-text-editor\" data-id=\"2b3a41f4\" data-element_type=\"widget\" data-e-type=\"widget\" data-widget_type=\"text-editor.default\">\n\t\t\t\t\t\t\t\t\t<p>Janluk est un projet collectif r\u00e9alis\u00e9 dans le cadre de mon m\u00e9moire de fin d\u2019\u00e9tudes. L\u2019objectif : cr\u00e9er une association de sensibilisation aux dangers du chemsex \u2014 une pratique consistant a\u0300 consommer des drogues de synthe\u0300se pendant des relations sexuelles. Cela concerne aujourd\u2019hui pr\u00e8s de 400 000 hommes en France.<\/p><p>Nous avons imagin\u00e9 une application d\u2019accompagnement aidant les chemsexeurs \u00e0 sortir de leur d\u00e9pendance tout en pr\u00e9servant leur vie sociale, notamment \u00e0 travers l\u2019organisation de soir\u00e9es \u201csafe\u201d sans drogue.<\/p><p>En collaboration avec Luna Geai, j\u2019ai con\u00e7u l\u2019identit\u00e9 visuelle du projet. Le logotype, en bas de casse et en typographie bold, associ\u00e9 \u00e0 des couleurs vives, instaure un univers rassurant, positif et motivant. Le petit soleil, mascotte du projet, accompagne les utilisateurs \u00e0 chaque \u00e9tape de leur parcours.<\/p>\t\t\t\t\t\t\t\t<\/div>\n\t\t\t\t<\/div>\n\t\t\t\t\t<\/div>\n\t\t\t\t<\/div>\n\t\t<div class=\"elementor-element elementor-element-22ccc8f6 e-flex e-con-boxed e-con e-parent\" data-id=\"22ccc8f6\" data-element_type=\"container\" data-e-type=\"container\">\n\t\t\t\t\t<div class=\"e-con-inner\">\n\t\t\t\t<div class=\"elementor-element elementor-element-5d4ec057 elementor-widget elementor-widget-image\" data-id=\"5d4ec057\" data-element_type=\"widget\" data-e-type=\"widget\" data-widget_type=\"image.default\">\n\t\t\t\t\t\t\t\t\t\t\t\t\t\t\t<img decoding=\"async\" width=\"1024\" height=\"576\" src=\"https:\/\/louisegaudelette.com\/wp-content\/uploads\/2025\/10\/3-1024x576.webp\" class=\"attachment-large size-large wp-image-868\" alt=\"\" srcset=\"https:\/\/louisegaudelette.com\/wp-content\/uploads\/2025\/10\/3-1024x576.webp 1024w, https:\/\/louisegaudelette.com\/wp-content\/uploads\/2025\/10\/3-300x169.webp 300w, https:\/\/louisegaudelette.com\/wp-content\/uploads\/2025\/10\/3-768x432.webp 768w, https:\/\/louisegaudelette.com\/wp-content\/uploads\/2025\/10\/3-1536x864.webp 1536w, https:\/\/louisegaudelette.com\/wp-content\/uploads\/2025\/10\/3.webp 1920w\" sizes=\"(max-width: 1024px) 100vw, 1024px\" \/>\t\t\t\t\t\t\t\t\t\t\t\t\t\t\t<\/div>\n\t\t\t\t\t<\/div>\n\t\t\t\t<\/div>\n\t\t<div class=\"elementor-element elementor-element-38945f0c e-flex e-con-boxed e-con e-parent\" data-id=\"38945f0c\" data-element_type=\"container\" data-e-type=\"container\">\n\t\t\t\t\t<div class=\"e-con-inner\">\n\t\t\t\t<div class=\"elementor-element elementor-element-28cc13cd elementor-widget elementor-widget-image\" data-id=\"28cc13cd\" data-element_type=\"widget\" data-e-type=\"widget\" data-widget_type=\"image.default\">\n\t\t\t\t\t\t\t\t\t\t\t\t\t\t\t<img loading=\"lazy\" decoding=\"async\" width=\"1024\" height=\"575\" src=\"https:\/\/louisegaudelette.com\/wp-content\/uploads\/2025\/10\/2-1024x575.webp\" class=\"attachment-large size-large wp-image-867\" alt=\"\" srcset=\"https:\/\/louisegaudelette.com\/wp-content\/uploads\/2025\/10\/2-1024x575.webp 1024w, https:\/\/louisegaudelette.com\/wp-content\/uploads\/2025\/10\/2-300x169.webp 300w, https:\/\/louisegaudelette.com\/wp-content\/uploads\/2025\/10\/2-768x432.webp 768w, https:\/\/louisegaudelette.com\/wp-content\/uploads\/2025\/10\/2-1536x863.webp 1536w, https:\/\/louisegaudelette.com\/wp-content\/uploads\/2025\/10\/2.webp 1920w\" sizes=\"(max-width: 1024px) 100vw, 1024px\" \/>\t\t\t\t\t\t\t\t\t\t\t\t\t\t\t<\/div>\n\t\t\t\t\t<\/div>\n\t\t\t\t<\/div>\n\t\t<div class=\"elementor-element elementor-element-6e40dce4 e-flex e-con-boxed e-con e-parent\" data-id=\"6e40dce4\" data-element_type=\"container\" data-e-type=\"container\">\n\t\t\t\t\t<div class=\"e-con-inner\">\n\t\t\t\t<div class=\"elementor-element elementor-element-45bf2f48 elementor-widget elementor-widget-image\" data-id=\"45bf2f48\" data-element_type=\"widget\" data-e-type=\"widget\" data-widget_type=\"image.default\">\n\t\t\t\t\t\t\t\t\t\t\t\t\t\t\t<img loading=\"lazy\" decoding=\"async\" width=\"1024\" height=\"575\" src=\"https:\/\/louisegaudelette.com\/wp-content\/uploads\/2025\/10\/4-1024x575.webp\" class=\"attachment-large size-large wp-image-869\" alt=\"\" srcset=\"https:\/\/louisegaudelette.com\/wp-content\/uploads\/2025\/10\/4-1024x575.webp 1024w, https:\/\/louisegaudelette.com\/wp-content\/uploads\/2025\/10\/4-300x169.webp 300w, https:\/\/louisegaudelette.com\/wp-content\/uploads\/2025\/10\/4-768x432.webp 768w, https:\/\/louisegaudelette.com\/wp-content\/uploads\/2025\/10\/4-1536x863.webp 1536w, https:\/\/louisegaudelette.com\/wp-content\/uploads\/2025\/10\/4.webp 1920w\" sizes=\"(max-width: 1024px) 100vw, 1024px\" \/>\t\t\t\t\t\t\t\t\t\t\t\t\t\t\t<\/div>\n\t\t\t\t\t<\/div>\n\t\t\t\t<\/div>\n\t\t<div class=\"elementor-element elementor-element-7bcc242 e-flex e-con-boxed e-con e-parent\" data-id=\"7bcc242\" data-element_type=\"container\" data-e-type=\"container\">\n\t\t\t\t\t<div class=\"e-con-inner\">\n\t\t\t\t<div class=\"elementor-element elementor-element-6c350eb elementor-widget elementor-widget-image\" data-id=\"6c350eb\" data-element_type=\"widget\" data-e-type=\"widget\" data-widget_type=\"image.default\">\n\t\t\t\t\t\t\t\t\t\t\t\t\t\t\t<img loading=\"lazy\" decoding=\"async\" width=\"724\" height=\"1024\" src=\"https:\/\/louisegaudelette.com\/wp-content\/uploads\/2025\/10\/5-724x1024.webp\" class=\"attachment-large size-large wp-image-871\" alt=\"\" srcset=\"https:\/\/louisegaudelette.com\/wp-content\/uploads\/2025\/10\/5-724x1024.webp 724w, https:\/\/louisegaudelette.com\/wp-content\/uploads\/2025\/10\/5-212x300.webp 212w, https:\/\/louisegaudelette.com\/wp-content\/uploads\/2025\/10\/5-768x1086.webp 768w, https:\/\/louisegaudelette.com\/wp-content\/uploads\/2025\/10\/5-1086x1536.webp 1086w, https:\/\/louisegaudelette.com\/wp-content\/uploads\/2025\/10\/5-1448x2048.webp 1448w, https:\/\/louisegaudelette.com\/wp-content\/uploads\/2025\/10\/5-scaled.webp 1810w\" sizes=\"(max-width: 724px) 100vw, 724px\" \/>\t\t\t\t\t\t\t\t\t\t\t\t\t\t\t<\/div>\n\t\t\t\t\t<\/div>\n\t\t\t\t<\/div>\n\t\t<div class=\"elementor-element elementor-element-2119569 e-flex e-con-boxed e-con e-parent\" data-id=\"2119569\" data-element_type=\"container\" data-e-type=\"container\">\n\t\t\t\t\t<div class=\"e-con-inner\">\n\t\t\t\t<div class=\"elementor-element elementor-element-e529094 elementor-widget elementor-widget-image\" data-id=\"e529094\" data-element_type=\"widget\" data-e-type=\"widget\" data-widget_type=\"image.default\">\n\t\t\t\t\t\t\t\t\t\t\t\t\t\t\t<img loading=\"lazy\" decoding=\"async\" width=\"1024\" height=\"683\" src=\"https:\/\/louisegaudelette.com\/wp-content\/uploads\/2025\/10\/6-1024x683.webp\" class=\"attachment-large size-large wp-image-872\" alt=\"\" srcset=\"https:\/\/louisegaudelette.com\/wp-content\/uploads\/2025\/10\/6-1024x683.webp 1024w, https:\/\/louisegaudelette.com\/wp-content\/uploads\/2025\/10\/6-300x200.webp 300w, https:\/\/louisegaudelette.com\/wp-content\/uploads\/2025\/10\/6-768x512.webp 768w, https:\/\/louisegaudelette.com\/wp-content\/uploads\/2025\/10\/6-1536x1025.webp 1536w, https:\/\/louisegaudelette.com\/wp-content\/uploads\/2025\/10\/6.webp 1920w\" sizes=\"(max-width: 1024px) 100vw, 1024px\" \/>\t\t\t\t\t\t\t\t\t\t\t\t\t\t\t<\/div>\n\t\t\t\t\t<\/div>\n\t\t\t\t<\/div>\n\t\t<div class=\"elementor-element elementor-element-f6c6a83 e-flex e-con-boxed e-con e-parent\" data-id=\"f6c6a83\" data-element_type=\"container\" data-e-type=\"container\">\n\t\t\t\t\t<div class=\"e-con-inner\">\n\t\t\t\t<div class=\"elementor-element elementor-element-5ff864c elementor-widget elementor-widget-image\" data-id=\"5ff864c\" data-element_type=\"widget\" data-e-type=\"widget\" data-widget_type=\"image.default\">\n\t\t\t\t\t\t\t\t\t\t\t\t\t\t\t<img loading=\"lazy\" decoding=\"async\" width=\"1024\" height=\"575\" src=\"https:\/\/louisegaudelette.com\/wp-content\/uploads\/2025\/10\/7-1024x575.webp\" class=\"attachment-large size-large wp-image-873\" alt=\"\" srcset=\"https:\/\/louisegaudelette.com\/wp-content\/uploads\/2025\/10\/7-1024x575.webp 1024w, https:\/\/louisegaudelette.com\/wp-content\/uploads\/2025\/10\/7-300x169.webp 300w, https:\/\/louisegaudelette.com\/wp-content\/uploads\/2025\/10\/7-768x432.webp 768w, https:\/\/louisegaudelette.com\/wp-content\/uploads\/2025\/10\/7-1536x863.webp 1536w, https:\/\/louisegaudelette.com\/wp-content\/uploads\/2025\/10\/7.webp 1920w\" sizes=\"(max-width: 1024px) 100vw, 1024px\" \/>\t\t\t\t\t\t\t\t\t\t\t\t\t\t\t<\/div>\n\t\t\t\t\t<\/div>\n\t\t\t\t<\/div>\n\t\t<div class=\"elementor-element elementor-element-0571fb7 e-flex e-con-boxed e-con e-parent\" data-id=\"0571fb7\" data-element_type=\"container\" data-e-type=\"container\">\n\t\t\t\t\t<div class=\"e-con-inner\">\n\t\t\t\t<div class=\"elementor-element elementor-element-38fe7a7 elementor-widget elementor-widget-image\" data-id=\"38fe7a7\" data-element_type=\"widget\" data-e-type=\"widget\" data-widget_type=\"image.default\">\n\t\t\t\t\t\t\t\t\t\t\t\t\t\t\t<img loading=\"lazy\" decoding=\"async\" width=\"1024\" height=\"277\" src=\"https:\/\/louisegaudelette.com\/wp-content\/uploads\/2025\/10\/9-copie-1024x277.webp\" class=\"attachment-large size-large wp-image-887\" alt=\"\" srcset=\"https:\/\/louisegaudelette.com\/wp-content\/uploads\/2025\/10\/9-copie-1024x277.webp 1024w, https:\/\/louisegaudelette.com\/wp-content\/uploads\/2025\/10\/9-copie-300x81.webp 300w, https:\/\/louisegaudelette.com\/wp-content\/uploads\/2025\/10\/9-copie-768x207.webp 768w, https:\/\/louisegaudelette.com\/wp-content\/uploads\/2025\/10\/9-copie-1536x415.webp 1536w, https:\/\/louisegaudelette.com\/wp-content\/uploads\/2025\/10\/9-copie-2048x553.webp 2048w\" sizes=\"(max-width: 1024px) 100vw, 1024px\" \/>\t\t\t\t\t\t\t\t\t\t\t\t\t\t\t<\/div>\n\t\t\t\t\t<\/div>\n\t\t\t\t<\/div>\n\t\t<div class=\"elementor-element elementor-element-3bb5acd e-flex e-con-boxed e-con e-parent\" data-id=\"3bb5acd\" data-element_type=\"container\" data-e-type=\"container\">\n\t\t\t\t\t<div class=\"e-con-inner\">\n\t\t\t\t<div class=\"elementor-element elementor-element-15ec4e0 elementor-widget elementor-widget-image\" data-id=\"15ec4e0\" data-element_type=\"widget\" data-e-type=\"widget\" data-widget_type=\"image.default\">\n\t\t\t\t\t\t\t\t\t\t\t\t\t\t\t<img loading=\"lazy\" decoding=\"async\" width=\"1024\" height=\"575\" src=\"https:\/\/louisegaudelette.com\/wp-content\/uploads\/2025\/10\/11-1024x575.webp\" class=\"attachment-large size-large wp-image-877\" alt=\"\" srcset=\"https:\/\/louisegaudelette.com\/wp-content\/uploads\/2025\/10\/11-1024x575.webp 1024w, https:\/\/louisegaudelette.com\/wp-content\/uploads\/2025\/10\/11-300x169.webp 300w, https:\/\/louisegaudelette.com\/wp-content\/uploads\/2025\/10\/11-768x432.webp 768w, https:\/\/louisegaudelette.com\/wp-content\/uploads\/2025\/10\/11-1536x863.webp 1536w, https:\/\/louisegaudelette.com\/wp-content\/uploads\/2025\/10\/11.webp 1920w\" sizes=\"(max-width: 1024px) 100vw, 1024px\" \/>\t\t\t\t\t\t\t\t\t\t\t\t\t\t\t<\/div>\n\t\t\t\t\t<\/div>\n\t\t\t\t<\/div>\n\t\t<div class=\"elementor-element elementor-element-d550410 e-flex e-con-boxed e-con e-parent\" data-id=\"d550410\" data-element_type=\"container\" data-e-type=\"container\">\n\t\t\t\t\t<div class=\"e-con-inner\">\n\t\t\t\t<div class=\"elementor-element elementor-element-77fd033a elementor-align-center elementor-widget__width-auto e-transform elementor-widget elementor-widget-button\" data-id=\"77fd033a\" data-element_type=\"widget\" data-e-type=\"widget\" data-settings=\"{&quot;_transform_scale_effect_mobile&quot;:{&quot;unit&quot;:&quot;px&quot;,&quot;size&quot;:0.8,&quot;sizes&quot;:[]},&quot;_transform_scale_effect&quot;:{&quot;unit&quot;:&quot;px&quot;,&quot;size&quot;:&quot;&quot;,&quot;sizes&quot;:[]},&quot;_transform_scale_effect_tablet&quot;:{&quot;unit&quot;:&quot;px&quot;,&quot;size&quot;:&quot;&quot;,&quot;sizes&quot;:[]}}\" data-widget_type=\"button.default\">\n\t\t\t\t\t\t\t\t\t\t<a class=\"elementor-button elementor-button-link elementor-size-sm\" href=\"https:\/\/louisegaudelette.com\/index.php\/portfolio\/\">\n\t\t\t\t\t\t<span class=\"elementor-button-content-wrapper\">\n\t\t\t\t\t\t\t\t\t<span class=\"elementor-button-text\">Retour<\/span>\n\t\t\t\t\t<\/span>\n\t\t\t\t\t<\/a>\n\t\t\t\t\t\t\t\t<\/div>\n\t\t\t\t\t<\/div>\n\t\t\t\t<\/div>\n\t\t\t\t<\/div>\n\t\t","protected":false},"excerpt":{"rendered":"<p>Janluk est un projet collectif r\u00e9alis\u00e9 dans le cadre de mon m\u00e9moire de fin d\u2019\u00e9tudes. L\u2019objectif : cr\u00e9er une association [&hellip;]<\/p>\n","protected":false},"author":1,"featured_media":0,"parent":0,"menu_order":0,"comment_status":"closed","ping_status":"closed","template":"","meta":{"site-sidebar-layout":"no-sidebar","site-content-layout":"","ast-site-content-layout":"full-width-container","site-content-style":"default","site-sidebar-style":"default","ast-global-header-display":"","ast-banner-title-visibility":"","ast-main-header-display":"","ast-hfb-above-header-display":"","ast-hfb-below-header-display":"","ast-hfb-mobile-header-display":"","site-post-title":"disabled","ast-breadcrumbs-content":"","ast-featured-img":"disabled","footer-sml-layout":"","theme-transparent-header-meta":"","adv-header-id-meta":"","stick-header-meta":"","header-above-stick-meta":"","header-main-stick-meta":"","header-below-stick-meta":"","astra-migrate-meta-layouts":"default","ast-page-background-enabled":"default","ast-page-background-meta":{"desktop":{"background-color":"var(--ast-global-color-5)","background-image":"","background-repeat":"repeat","background-position":"center center","background-size":"auto","background-attachment":"scroll","background-type":"","background-media":"","overlay-type":"","overlay-color":"","overlay-opacity":"","overlay-gradient":""},"tablet":{"background-color":"","background-image":"","background-repeat":"repeat","background-position":"center center","background-size":"auto","background-attachment":"scroll","background-type":"","background-media":"","overlay-type":"","overlay-color":"","overlay-opacity":"","overlay-gradient":""},"mobile":{"background-color":"","background-image":"","background-repeat":"repeat","background-position":"center center","background-size":"auto","background-attachment":"scroll","background-type":"","background-media":"","overlay-type":"","overlay-color":"","overlay-opacity":"","overlay-gradient":""}},"ast-content-background-meta":{"desktop":{"background-color":"var(--ast-global-color-4)","background-image":"","background-repeat":"repeat","background-position":"center center","background-size":"auto","background-attachment":"scroll","background-type":"","background-media":"","overlay-type":"","overlay-color":"","overlay-opacity":"","overlay-gradient":""},"tablet":{"background-color":"var(--ast-global-color-4)","background-image":"","background-repeat":"repeat","background-position":"center center","background-size":"auto","background-attachment":"scroll","background-type":"","background-media":"","overlay-type":"","overlay-color":"","overlay-opacity":"","overlay-gradient":""},"mobile":{"background-color":"var(--ast-global-color-4)","background-image":"","background-repeat":"repeat","background-position":"center center","background-size":"auto","background-attachment":"scroll","background-type":"","background-media":"","overlay-type":"","overlay-color":"","overlay-opacity":"","overlay-gradient":""}},"footnotes":""},"class_list":["post-849","page","type-page","status-publish","hentry"],"_links":{"self":[{"href":"https:\/\/louisegaudelette.com\/index.php\/wp-json\/wp\/v2\/pages\/849","targetHints":{"allow":["GET"]}}],"collection":[{"href":"https:\/\/louisegaudelette.com\/index.php\/wp-json\/wp\/v2\/pages"}],"about":[{"href":"https:\/\/louisegaudelette.com\/index.php\/wp-json\/wp\/v2\/types\/page"}],"author":[{"embeddable":true,"href":"https:\/\/louisegaudelette.com\/index.php\/wp-json\/wp\/v2\/users\/1"}],"replies":[{"embeddable":true,"href":"https:\/\/louisegaudelette.com\/index.php\/wp-json\/wp\/v2\/comments?post=849"}],"version-history":[{"count":28,"href":"https:\/\/louisegaudelette.com\/index.php\/wp-json\/wp\/v2\/pages\/849\/revisions"}],"predecessor-version":[{"id":1462,"href":"https:\/\/louisegaudelette.com\/index.php\/wp-json\/wp\/v2\/pages\/849\/revisions\/1462"}],"wp:attachment":[{"href":"https:\/\/louisegaudelette.com\/index.php\/wp-json\/wp\/v2\/media?parent=849"}],"curies":[{"name":"wp","href":"https:\/\/api.w.org\/{rel}","templated":true}]}}