{"id":613,"date":"2025-10-23T08:22:31","date_gmt":"2025-10-23T08:22:31","guid":{"rendered":"https:\/\/louisegaudelette.com\/?page_id=613"},"modified":"2025-11-07T11:39:02","modified_gmt":"2025-11-07T11:39:02","slug":"chaillot","status":"publish","type":"page","link":"https:\/\/louisegaudelette.com\/index.php\/chaillot\/","title":{"rendered":"Chaillot th\u00e9\u00e2tre national de la danse"},"content":{"rendered":"\t\t<div data-elementor-type=\"wp-page\" data-elementor-id=\"613\" class=\"elementor elementor-613\">\n\t\t\t\t<div class=\"elementor-element elementor-element-779632a e-flex e-con-boxed e-con e-parent\" data-id=\"779632a\" data-element_type=\"container\" data-e-type=\"container\">\n\t\t\t\t\t<div class=\"e-con-inner\">\n\t\t\t\t<div class=\"elementor-element elementor-element-86d681d elementor-widget elementor-widget-image\" data-id=\"86d681d\" data-element_type=\"widget\" data-e-type=\"widget\" data-widget_type=\"image.default\">\n\t\t\t\t\t\t\t\t\t\t\t\t\t\t\t<img fetchpriority=\"high\" decoding=\"async\" width=\"1024\" height=\"160\" src=\"https:\/\/louisegaudelette.com\/wp-content\/uploads\/2025\/10\/bandeau-chaillot-1-1024x160.webp\" class=\"attachment-large size-large wp-image-619\" alt=\"\" srcset=\"https:\/\/louisegaudelette.com\/wp-content\/uploads\/2025\/10\/bandeau-chaillot-1-1024x160.webp 1024w, https:\/\/louisegaudelette.com\/wp-content\/uploads\/2025\/10\/bandeau-chaillot-1-300x47.webp 300w, https:\/\/louisegaudelette.com\/wp-content\/uploads\/2025\/10\/bandeau-chaillot-1-768x120.webp 768w, https:\/\/louisegaudelette.com\/wp-content\/uploads\/2025\/10\/bandeau-chaillot-1-1536x240.webp 1536w, https:\/\/louisegaudelette.com\/wp-content\/uploads\/2025\/10\/bandeau-chaillot-1.webp 1920w\" sizes=\"(max-width: 1024px) 100vw, 1024px\" \/>\t\t\t\t\t\t\t\t\t\t\t\t\t\t\t<\/div>\n\t\t\t\t\t<\/div>\n\t\t\t\t<\/div>\n\t\t<div class=\"elementor-element elementor-element-d27cb97 e-flex e-con-boxed e-con e-parent\" data-id=\"d27cb97\" data-element_type=\"container\" data-e-type=\"container\">\n\t\t\t\t\t<div class=\"e-con-inner\">\n\t\t<div class=\"elementor-element elementor-element-6049670 e-con-full e-flex e-con e-child\" data-id=\"6049670\" data-element_type=\"container\" data-e-type=\"container\">\n\t\t\t\t<div class=\"elementor-element elementor-element-883945b elementor-widget elementor-widget-image\" data-id=\"883945b\" data-element_type=\"widget\" data-e-type=\"widget\" data-widget_type=\"image.default\">\n\t\t\t\t\t\t\t\t\t\t\t\t\t\t\t<img decoding=\"async\" width=\"1024\" height=\"1024\" src=\"https:\/\/louisegaudelette.com\/wp-content\/uploads\/2025\/10\/infos-chaillot2-1024x1024.webp\" class=\"attachment-large size-large wp-image-663\" alt=\"\" srcset=\"https:\/\/louisegaudelette.com\/wp-content\/uploads\/2025\/10\/infos-chaillot2-1024x1024.webp 1024w, https:\/\/louisegaudelette.com\/wp-content\/uploads\/2025\/10\/infos-chaillot2-300x300.webp 300w, https:\/\/louisegaudelette.com\/wp-content\/uploads\/2025\/10\/infos-chaillot2-150x150.webp 150w, https:\/\/louisegaudelette.com\/wp-content\/uploads\/2025\/10\/infos-chaillot2-768x768.webp 768w, https:\/\/louisegaudelette.com\/wp-content\/uploads\/2025\/10\/infos-chaillot2-1536x1536.webp 1536w, https:\/\/louisegaudelette.com\/wp-content\/uploads\/2025\/10\/infos-chaillot2.webp 1946w\" sizes=\"(max-width: 1024px) 100vw, 1024px\" \/>\t\t\t\t\t\t\t\t\t\t\t\t\t\t\t<\/div>\n\t\t\t\t<\/div>\n\t\t<div class=\"elementor-element elementor-element-64f9a9a e-con-full e-flex e-con e-child\" data-id=\"64f9a9a\" data-element_type=\"container\" data-e-type=\"container\">\n\t\t\t\t<div class=\"elementor-element elementor-element-511be40 elementor-widget elementor-widget-text-editor\" data-id=\"511be40\" data-element_type=\"widget\" data-e-type=\"widget\" data-widget_type=\"text-editor.default\">\n\t\t\t\t\t\t\t\t\t<p data-pm-slice=\"0 0 []\">Ce projet visait \u00e0 d\u00e9velopper l\u2019identit\u00e9 visuelle de la saison 2023-2024 du Th\u00e9\u00e2tre Chaillot.<\/p><p>Inspir\u00e9e par le mouvement propre \u00e0 la danse, j\u2019ai orient\u00e9 mes visuels autour des courbes, des formes corporelles et de la fluidit\u00e9 des gestes. Les couleurs vives viennent renforcer cette dynamique<\/p><p>Le visuel principal de la saison est accompagn\u00e9 de trois affiches d\u00e9di\u00e9es \u00e0 diff\u00e9rents \u00e9v\u00e9nements du th\u00e9\u00e2tre, chacune d\u00e9clin\u00e9e selon un code couleur propre \u00e0 sa cat\u00e9gorie.<\/p><p>J\u2019ai \u00e9galement con\u00e7u une typographie, reprenant le principe du mouvement, ainsi qu\u2019un pictogramme d\u00e9riv\u00e9 de celle-ci, stylis\u00e9 pour proposer une interpr\u00e9tation plus abstraite de 2023\/2024.<\/p>\t\t\t\t\t\t\t\t<\/div>\n\t\t\t\t<\/div>\n\t\t\t\t\t<\/div>\n\t\t\t\t<\/div>\n\t\t<div class=\"elementor-element elementor-element-a989931 e-flex e-con-boxed e-con e-parent\" data-id=\"a989931\" data-element_type=\"container\" data-e-type=\"container\">\n\t\t\t\t\t<div class=\"e-con-inner\">\n\t\t\t\t<div class=\"elementor-element elementor-element-8d7cca6 elementor-widget elementor-widget-image\" data-id=\"8d7cca6\" data-element_type=\"widget\" data-e-type=\"widget\" data-widget_type=\"image.default\">\n\t\t\t\t\t\t\t\t\t\t\t\t\t\t\t<img decoding=\"async\" width=\"1024\" height=\"419\" src=\"https:\/\/louisegaudelette.com\/wp-content\/uploads\/2025\/10\/Fichier-4-1024x419.webp\" class=\"attachment-large size-large wp-image-642\" alt=\"\" srcset=\"https:\/\/louisegaudelette.com\/wp-content\/uploads\/2025\/10\/Fichier-4-1024x419.webp 1024w, https:\/\/louisegaudelette.com\/wp-content\/uploads\/2025\/10\/Fichier-4-300x123.webp 300w, https:\/\/louisegaudelette.com\/wp-content\/uploads\/2025\/10\/Fichier-4-768x314.webp 768w, https:\/\/louisegaudelette.com\/wp-content\/uploads\/2025\/10\/Fichier-4-1536x628.webp 1536w, https:\/\/louisegaudelette.com\/wp-content\/uploads\/2025\/10\/Fichier-4.webp 1920w\" sizes=\"(max-width: 1024px) 100vw, 1024px\" \/>\t\t\t\t\t\t\t\t\t\t\t\t\t\t\t<\/div>\n\t\t\t\t\t<\/div>\n\t\t\t\t<\/div>\n\t\t<div class=\"elementor-element elementor-element-92f8ed9 e-flex e-con-boxed e-con e-parent\" data-id=\"92f8ed9\" data-element_type=\"container\" data-e-type=\"container\">\n\t\t\t\t\t<div class=\"e-con-inner\">\n\t\t\t\t<div class=\"elementor-element elementor-element-bfe1994 elementor-widget elementor-widget-image\" data-id=\"bfe1994\" data-element_type=\"widget\" data-e-type=\"widget\" data-widget_type=\"image.default\">\n\t\t\t\t\t\t\t\t\t\t\t\t\t\t\t<img loading=\"lazy\" decoding=\"async\" width=\"1024\" height=\"341\" src=\"https:\/\/louisegaudelette.com\/wp-content\/uploads\/2025\/10\/picto-1024x341.webp\" class=\"attachment-large size-large wp-image-647\" alt=\"\" srcset=\"https:\/\/louisegaudelette.com\/wp-content\/uploads\/2025\/10\/picto-1024x341.webp 1024w, https:\/\/louisegaudelette.com\/wp-content\/uploads\/2025\/10\/picto-300x100.webp 300w, https:\/\/louisegaudelette.com\/wp-content\/uploads\/2025\/10\/picto-768x256.webp 768w, https:\/\/louisegaudelette.com\/wp-content\/uploads\/2025\/10\/picto-1536x512.webp 1536w, https:\/\/louisegaudelette.com\/wp-content\/uploads\/2025\/10\/picto.webp 1920w\" sizes=\"(max-width: 1024px) 100vw, 1024px\" \/>\t\t\t\t\t\t\t\t\t\t\t\t\t\t\t<\/div>\n\t\t\t\t\t<\/div>\n\t\t\t\t<\/div>\n\t\t<div class=\"elementor-element elementor-element-179575a e-flex e-con-boxed e-con e-parent\" data-id=\"179575a\" data-element_type=\"container\" data-e-type=\"container\">\n\t\t\t\t\t<div class=\"e-con-inner\">\n\t\t\t\t<div class=\"elementor-element elementor-element-c359531 elementor-widget elementor-widget-image\" data-id=\"c359531\" data-element_type=\"widget\" data-e-type=\"widget\" data-widget_type=\"image.default\">\n\t\t\t\t\t\t\t\t\t\t\t\t\t\t\t<img loading=\"lazy\" decoding=\"async\" width=\"775\" height=\"1024\" src=\"https:\/\/louisegaudelette.com\/wp-content\/uploads\/2025\/10\/affiche-saison-finale-775x1024.webp\" class=\"attachment-large size-large wp-image-654\" alt=\"\" srcset=\"https:\/\/louisegaudelette.com\/wp-content\/uploads\/2025\/10\/affiche-saison-finale-775x1024.webp 775w, https:\/\/louisegaudelette.com\/wp-content\/uploads\/2025\/10\/affiche-saison-finale-227x300.webp 227w, https:\/\/louisegaudelette.com\/wp-content\/uploads\/2025\/10\/affiche-saison-finale-768x1015.webp 768w, https:\/\/louisegaudelette.com\/wp-content\/uploads\/2025\/10\/affiche-saison-finale-1162x1536.webp 1162w, https:\/\/louisegaudelette.com\/wp-content\/uploads\/2025\/10\/affiche-saison-finale-1549x2048.webp 1549w, https:\/\/louisegaudelette.com\/wp-content\/uploads\/2025\/10\/affiche-saison-finale-scaled.webp 1937w\" sizes=\"(max-width: 775px) 100vw, 775px\" \/>\t\t\t\t\t\t\t\t\t\t\t\t\t\t\t<\/div>\n\t\t\t\t\t<\/div>\n\t\t\t\t<\/div>\n\t\t<div class=\"elementor-element elementor-element-8b5dc45 e-flex e-con-boxed e-con e-parent\" data-id=\"8b5dc45\" data-element_type=\"container\" data-e-type=\"container\">\n\t\t\t\t\t<div class=\"e-con-inner\">\n\t\t\t\t<div class=\"elementor-element elementor-element-8b858de elementor-widget elementor-widget-image\" data-id=\"8b858de\" data-element_type=\"widget\" data-e-type=\"widget\" data-widget_type=\"image.default\">\n\t\t\t\t\t\t\t\t\t\t\t\t\t\t\t<img loading=\"lazy\" decoding=\"async\" width=\"1024\" height=\"659\" src=\"https:\/\/louisegaudelette.com\/wp-content\/uploads\/2025\/10\/affiche-saison-mockup-1024x659.webp\" class=\"attachment-large size-large wp-image-655\" alt=\"\" srcset=\"https:\/\/louisegaudelette.com\/wp-content\/uploads\/2025\/10\/affiche-saison-mockup-1024x659.webp 1024w, https:\/\/louisegaudelette.com\/wp-content\/uploads\/2025\/10\/affiche-saison-mockup-300x193.webp 300w, https:\/\/louisegaudelette.com\/wp-content\/uploads\/2025\/10\/affiche-saison-mockup-768x494.webp 768w, https:\/\/louisegaudelette.com\/wp-content\/uploads\/2025\/10\/affiche-saison-mockup-1536x989.webp 1536w, https:\/\/louisegaudelette.com\/wp-content\/uploads\/2025\/10\/affiche-saison-mockup.webp 1920w\" sizes=\"(max-width: 1024px) 100vw, 1024px\" \/>\t\t\t\t\t\t\t\t\t\t\t\t\t\t\t<\/div>\n\t\t\t\t\t<\/div>\n\t\t\t\t<\/div>\n\t\t<div class=\"elementor-element elementor-element-4c98ed4 e-flex e-con-boxed e-con e-parent\" data-id=\"4c98ed4\" data-element_type=\"container\" data-e-type=\"container\">\n\t\t\t\t\t<div class=\"e-con-inner\">\n\t\t\t\t<div class=\"elementor-element elementor-element-b2d99a0 elementor-widget elementor-widget-image\" data-id=\"b2d99a0\" data-element_type=\"widget\" data-e-type=\"widget\" data-widget_type=\"image.default\">\n\t\t\t\t\t\t\t\t\t\t\t\t\t\t\t<img loading=\"lazy\" decoding=\"async\" width=\"1024\" height=\"496\" src=\"https:\/\/louisegaudelette.com\/wp-content\/uploads\/2025\/10\/affiches-event-1024x496.webp\" class=\"attachment-large size-large wp-image-679\" alt=\"\" srcset=\"https:\/\/louisegaudelette.com\/wp-content\/uploads\/2025\/10\/affiches-event-1024x496.webp 1024w, https:\/\/louisegaudelette.com\/wp-content\/uploads\/2025\/10\/affiches-event-300x145.webp 300w, https:\/\/louisegaudelette.com\/wp-content\/uploads\/2025\/10\/affiches-event-768x372.webp 768w, https:\/\/louisegaudelette.com\/wp-content\/uploads\/2025\/10\/affiches-event-1536x744.webp 1536w, https:\/\/louisegaudelette.com\/wp-content\/uploads\/2025\/10\/affiches-event.webp 1920w\" sizes=\"(max-width: 1024px) 100vw, 1024px\" \/>\t\t\t\t\t\t\t\t\t\t\t\t\t\t\t<\/div>\n\t\t\t\t\t<\/div>\n\t\t\t\t<\/div>\n\t\t<div class=\"elementor-element elementor-element-ff86cf2 e-flex e-con-boxed e-con e-parent\" data-id=\"ff86cf2\" data-element_type=\"container\" data-e-type=\"container\">\n\t\t\t\t\t<div class=\"e-con-inner\">\n\t\t\t\t<div class=\"elementor-element elementor-element-f8737b9 elementor-widget elementor-widget-image\" data-id=\"f8737b9\" data-element_type=\"widget\" data-e-type=\"widget\" data-widget_type=\"image.default\">\n\t\t\t\t\t\t\t\t\t\t\t\t\t\t\t<img loading=\"lazy\" decoding=\"async\" width=\"1024\" height=\"614\" src=\"https:\/\/louisegaudelette.com\/wp-content\/uploads\/2025\/10\/affiches-events-mockup-1024x614.webp\" class=\"attachment-large size-large wp-image-656\" alt=\"\" srcset=\"https:\/\/louisegaudelette.com\/wp-content\/uploads\/2025\/10\/affiches-events-mockup-1024x614.webp 1024w, https:\/\/louisegaudelette.com\/wp-content\/uploads\/2025\/10\/affiches-events-mockup-300x180.webp 300w, https:\/\/louisegaudelette.com\/wp-content\/uploads\/2025\/10\/affiches-events-mockup-768x461.webp 768w, https:\/\/louisegaudelette.com\/wp-content\/uploads\/2025\/10\/affiches-events-mockup-1536x922.webp 1536w, https:\/\/louisegaudelette.com\/wp-content\/uploads\/2025\/10\/affiches-events-mockup.webp 1920w\" sizes=\"(max-width: 1024px) 100vw, 1024px\" \/>\t\t\t\t\t\t\t\t\t\t\t\t\t\t\t<\/div>\n\t\t\t\t\t<\/div>\n\t\t\t\t<\/div>\n\t\t<div class=\"elementor-element elementor-element-2b8beae e-flex e-con-boxed e-con e-parent\" data-id=\"2b8beae\" data-element_type=\"container\" data-e-type=\"container\">\n\t\t\t\t\t<div class=\"e-con-inner\">\n\t\t\t\t<div class=\"elementor-element elementor-element-4e6cef9 elementor-align-center elementor-widget__width-auto elementor-mobile-align-center e-transform elementor-widget elementor-widget-button\" data-id=\"4e6cef9\" data-element_type=\"widget\" data-e-type=\"widget\" data-settings=\"{&quot;_transform_scale_effect_mobile&quot;:{&quot;unit&quot;:&quot;px&quot;,&quot;size&quot;:0.8,&quot;sizes&quot;:[]},&quot;_transform_scale_effect&quot;:{&quot;unit&quot;:&quot;px&quot;,&quot;size&quot;:&quot;&quot;,&quot;sizes&quot;:[]},&quot;_transform_scale_effect_tablet&quot;:{&quot;unit&quot;:&quot;px&quot;,&quot;size&quot;:&quot;&quot;,&quot;sizes&quot;:[]}}\" data-widget_type=\"button.default\">\n\t\t\t\t\t\t\t\t\t\t<a class=\"elementor-button elementor-button-link elementor-size-sm\" href=\"https:\/\/louisegaudelette.com\/index.php\/portfolio\/\">\n\t\t\t\t\t\t<span class=\"elementor-button-content-wrapper\">\n\t\t\t\t\t\t\t\t\t<span class=\"elementor-button-text\">Retour<\/span>\n\t\t\t\t\t<\/span>\n\t\t\t\t\t<\/a>\n\t\t\t\t\t\t\t\t<\/div>\n\t\t\t\t\t<\/div>\n\t\t\t\t<\/div>\n\t\t\t\t<\/div>\n\t\t","protected":false},"excerpt":{"rendered":"<p>Ce projet visait \u00e0 d\u00e9velopper l\u2019identit\u00e9 visuelle de la saison 2023-2024 du Th\u00e9\u00e2tre Chaillot. Inspir\u00e9e par le mouvement propre \u00e0 [&hellip;]<\/p>\n","protected":false},"author":1,"featured_media":0,"parent":0,"menu_order":0,"comment_status":"closed","ping_status":"closed","template":"","meta":{"site-sidebar-layout":"no-sidebar","site-content-layout":"","ast-site-content-layout":"full-width-container","site-content-style":"default","site-sidebar-style":"default","ast-global-header-display":"","ast-banner-title-visibility":"","ast-main-header-display":"","ast-hfb-above-header-display":"","ast-hfb-below-header-display":"","ast-hfb-mobile-header-display":"","site-post-title":"disabled","ast-breadcrumbs-content":"","ast-featured-img":"disabled","footer-sml-layout":"","theme-transparent-header-meta":"","adv-header-id-meta":"","stick-header-meta":"","header-above-stick-meta":"","header-main-stick-meta":"","header-below-stick-meta":"","astra-migrate-meta-layouts":"default","ast-page-background-enabled":"default","ast-page-background-meta":{"desktop":{"background-color":"var(--ast-global-color-5)","background-image":"","background-repeat":"repeat","background-position":"center center","background-size":"auto","background-attachment":"scroll","background-type":"","background-media":"","overlay-type":"","overlay-color":"","overlay-opacity":"","overlay-gradient":""},"tablet":{"background-color":"","background-image":"","background-repeat":"repeat","background-position":"center center","background-size":"auto","background-attachment":"scroll","background-type":"","background-media":"","overlay-type":"","overlay-color":"","overlay-opacity":"","overlay-gradient":""},"mobile":{"background-color":"","background-image":"","background-repeat":"repeat","background-position":"center center","background-size":"auto","background-attachment":"scroll","background-type":"","background-media":"","overlay-type":"","overlay-color":"","overlay-opacity":"","overlay-gradient":""}},"ast-content-background-meta":{"desktop":{"background-color":"var(--ast-global-color-4)","background-image":"","background-repeat":"repeat","background-position":"center center","background-size":"auto","background-attachment":"scroll","background-type":"","background-media":"","overlay-type":"","overlay-color":"","overlay-opacity":"","overlay-gradient":""},"tablet":{"background-color":"var(--ast-global-color-4)","background-image":"","background-repeat":"repeat","background-position":"center center","background-size":"auto","background-attachment":"scroll","background-type":"","background-media":"","overlay-type":"","overlay-color":"","overlay-opacity":"","overlay-gradient":""},"mobile":{"background-color":"var(--ast-global-color-4)","background-image":"","background-repeat":"repeat","background-position":"center center","background-size":"auto","background-attachment":"scroll","background-type":"","background-media":"","overlay-type":"","overlay-color":"","overlay-opacity":"","overlay-gradient":""}},"footnotes":""},"class_list":["post-613","page","type-page","status-publish","hentry"],"_links":{"self":[{"href":"https:\/\/louisegaudelette.com\/index.php\/wp-json\/wp\/v2\/pages\/613","targetHints":{"allow":["GET"]}}],"collection":[{"href":"https:\/\/louisegaudelette.com\/index.php\/wp-json\/wp\/v2\/pages"}],"about":[{"href":"https:\/\/louisegaudelette.com\/index.php\/wp-json\/wp\/v2\/types\/page"}],"author":[{"embeddable":true,"href":"https:\/\/louisegaudelette.com\/index.php\/wp-json\/wp\/v2\/users\/1"}],"replies":[{"embeddable":true,"href":"https:\/\/louisegaudelette.com\/index.php\/wp-json\/wp\/v2\/comments?post=613"}],"version-history":[{"count":103,"href":"https:\/\/louisegaudelette.com\/index.php\/wp-json\/wp\/v2\/pages\/613\/revisions"}],"predecessor-version":[{"id":1447,"href":"https:\/\/louisegaudelette.com\/index.php\/wp-json\/wp\/v2\/pages\/613\/revisions\/1447"}],"wp:attachment":[{"href":"https:\/\/louisegaudelette.com\/index.php\/wp-json\/wp\/v2\/media?parent=613"}],"curies":[{"name":"wp","href":"https:\/\/api.w.org\/{rel}","templated":true}]}}