{"id":204,"date":"2025-09-30T10:43:59","date_gmt":"2025-09-30T10:43:59","guid":{"rendered":"https:\/\/louisegaudelette.com\/?page_id=204"},"modified":"2025-11-14T15:57:02","modified_gmt":"2025-11-14T15:57:02","slug":"a-propos","status":"publish","type":"page","link":"https:\/\/louisegaudelette.com\/index.php\/a-propos\/","title":{"rendered":"\u00c0 propos"},"content":{"rendered":"\t\t<div data-elementor-type=\"wp-page\" data-elementor-id=\"204\" class=\"elementor elementor-204\">\n\t\t\t\t<div class=\"elementor-element elementor-element-46a9e97 e-grid e-con-boxed e-con e-parent\" data-id=\"46a9e97\" data-element_type=\"container\" data-e-type=\"container\">\n\t\t\t\t\t<div class=\"e-con-inner\">\n\t\t\t\t<div class=\"elementor-element elementor-element-a04d47d elementor-widget elementor-widget-image\" data-id=\"a04d47d\" data-element_type=\"widget\" data-e-type=\"widget\" data-widget_type=\"image.default\">\n\t\t\t\t\t\t\t\t\t\t\t\t\t\t\t<img fetchpriority=\"high\" decoding=\"async\" width=\"962\" height=\"1024\" src=\"https:\/\/louisegaudelette.com\/wp-content\/uploads\/2025\/11\/gif-portrait-responsive.gif\" class=\"attachment-large size-large wp-image-1488\" alt=\"\" \/>\t\t\t\t\t\t\t\t\t\t\t\t\t\t\t<\/div>\n\t\t<div class=\"elementor-element elementor-element-9406df2 e-con-full e-flex e-con e-child\" data-id=\"9406df2\" data-element_type=\"container\" data-e-type=\"container\">\n\t\t\t\t<div class=\"elementor-element elementor-element-acad0dc elementor-widget elementor-widget-heading\" data-id=\"acad0dc\" data-element_type=\"widget\" data-e-type=\"widget\" data-widget_type=\"heading.default\">\n\t\t\t\t\t<h2 class=\"elementor-heading-title elementor-size-default\">Qui suis-je ?<\/h2>\t\t\t\t<\/div>\n\t\t\t\t<div class=\"elementor-element elementor-element-6bd59f5 elementor-widget__width-initial elementor-widget elementor-widget-text-editor\" data-id=\"6bd59f5\" data-element_type=\"widget\" data-e-type=\"widget\" data-widget_type=\"text-editor.default\">\n\t\t\t\t\t\t\t\t\t<p class=\"p1\">Je m\u2019appelle Louise Gaudelette, j\u2019ai 24 ans et je suis graphiste \u00e0 Paris.<br \/>J\u2019ai grandi dans un foyer<i> <\/i>artistique et multiculturel, ce qui m\u2019a donn\u00e9 envie de continuer \u00e0 \u00e9voluer dans ce milieu cr\u00e9atif.<\/p><p class=\"p1\">J\u2019ai commenc\u00e9 par la photographie, puis j\u2019ai \u00e9largi ma pratique \u00e0 la direction artistique et au graphisme. J\u2019aime explorer diff\u00e9rentes approches, m\u00ealer les techniques, passer par le fait main avant de d\u00e9velopper mes projets dans le digital.<\/p><p class=\"p1\">Je m\u2019int\u00e9resse tout particuli\u00e8rement aux milieux culturels et \u00e0 la cr\u00e9ation d\u2019identit\u00e9s visuelles.<\/p><p class=\"p1\">Si mon profil vous int\u00e9resse, je serais ravie d\u2019\u00e9changer \u00e0 propos d\u2019une collaboration, en CDI, CDD ou freelance.<\/p><p class=\"p1\">\u00c0 bient\u00f4t !<\/p>\t\t\t\t\t\t\t\t<\/div>\n\t\t\t\t<\/div>\n\t\t\t\t\t<\/div>\n\t\t\t\t<\/div>\n\t\t<div class=\"elementor-element elementor-element-641c61d e-flex e-con-boxed e-con e-parent\" data-id=\"641c61d\" data-element_type=\"container\" data-e-type=\"container\">\n\t\t\t\t\t<div class=\"e-con-inner\">\n\t\t\t\t<div class=\"elementor-element elementor-element-ff412ec elementor-align-center elementor-widget__width-auto e-transform elementor-widget elementor-widget-button\" data-id=\"ff412ec\" data-element_type=\"widget\" data-e-type=\"widget\" data-settings=\"{&quot;_transform_scale_effect_mobile&quot;:{&quot;unit&quot;:&quot;px&quot;,&quot;size&quot;:0.8,&quot;sizes&quot;:[]},&quot;_transform_scale_effect&quot;:{&quot;unit&quot;:&quot;px&quot;,&quot;size&quot;:&quot;&quot;,&quot;sizes&quot;:[]},&quot;_transform_scale_effect_tablet&quot;:{&quot;unit&quot;:&quot;px&quot;,&quot;size&quot;:&quot;&quot;,&quot;sizes&quot;:[]}}\" data-widget_type=\"button.default\">\n\t\t\t\t\t\t\t\t\t\t<a class=\"elementor-button elementor-button-link elementor-size-sm\" href=\"mailto:louisegaudelettepro@gmail.com\">\n\t\t\t\t\t\t<span class=\"elementor-button-content-wrapper\">\n\t\t\t\t\t\t\t\t\t<span class=\"elementor-button-text\">contact<\/span>\n\t\t\t\t\t<\/span>\n\t\t\t\t\t<\/a>\n\t\t\t\t\t\t\t\t<\/div>\n\t\t\t\t\t<\/div>\n\t\t\t\t<\/div>\n\t\t<div class=\"elementor-element elementor-element-26f1aca e-flex e-con-boxed e-con e-parent\" data-id=\"26f1aca\" data-element_type=\"container\" data-e-type=\"container\">\n\t\t\t\t\t<div class=\"e-con-inner\">\n\t\t\t\t<div class=\"elementor-element elementor-element-3256385 elementor-widget elementor-widget-image\" data-id=\"3256385\" data-element_type=\"widget\" data-e-type=\"widget\" data-widget_type=\"image.default\">\n\t\t\t\t\t\t\t\t\t\t\t\t\t\t\t<img decoding=\"async\" width=\"1024\" height=\"616\" src=\"https:\/\/louisegaudelette.com\/wp-content\/uploads\/2025\/11\/experiences-copie-1024x616.webp\" class=\"attachment-large size-large wp-image-1570\" alt=\"\" srcset=\"https:\/\/louisegaudelette.com\/wp-content\/uploads\/2025\/11\/experiences-copie-1024x616.webp 1024w, https:\/\/louisegaudelette.com\/wp-content\/uploads\/2025\/11\/experiences-copie-300x180.webp 300w, https:\/\/louisegaudelette.com\/wp-content\/uploads\/2025\/11\/experiences-copie-768x462.webp 768w, https:\/\/louisegaudelette.com\/wp-content\/uploads\/2025\/11\/experiences-copie-1536x924.webp 1536w, https:\/\/louisegaudelette.com\/wp-content\/uploads\/2025\/11\/experiences-copie.webp 1920w\" sizes=\"(max-width: 1024px) 100vw, 1024px\" \/>\t\t\t\t\t\t\t\t\t\t\t\t\t\t\t<\/div>\n\t\t\t\t\t<\/div>\n\t\t\t\t<\/div>\n\t\t<div class=\"elementor-element elementor-element-cb37b05 e-flex e-con-boxed e-con e-parent\" data-id=\"cb37b05\" data-element_type=\"container\" data-e-type=\"container\">\n\t\t\t\t\t<div class=\"e-con-inner\">\n\t\t\t\t<div class=\"elementor-element elementor-element-e14b0d7 elementor-widget elementor-widget-image\" data-id=\"e14b0d7\" data-element_type=\"widget\" data-e-type=\"widget\" data-widget_type=\"image.default\">\n\t\t\t\t\t\t\t\t\t\t\t\t\t\t\t<img decoding=\"async\" width=\"1024\" height=\"490\" src=\"https:\/\/louisegaudelette.com\/wp-content\/uploads\/2025\/11\/formation-competences-copie-1024x490.webp\" class=\"attachment-large size-large wp-image-1566\" alt=\"\" srcset=\"https:\/\/louisegaudelette.com\/wp-content\/uploads\/2025\/11\/formation-competences-copie-1024x490.webp 1024w, https:\/\/louisegaudelette.com\/wp-content\/uploads\/2025\/11\/formation-competences-copie-300x144.webp 300w, https:\/\/louisegaudelette.com\/wp-content\/uploads\/2025\/11\/formation-competences-copie-768x368.webp 768w, https:\/\/louisegaudelette.com\/wp-content\/uploads\/2025\/11\/formation-competences-copie-1536x735.webp 1536w, https:\/\/louisegaudelette.com\/wp-content\/uploads\/2025\/11\/formation-competences-copie.webp 1920w\" sizes=\"(max-width: 1024px) 100vw, 1024px\" \/>\t\t\t\t\t\t\t\t\t\t\t\t\t\t\t<\/div>\n\t\t\t\t\t<\/div>\n\t\t\t\t<\/div>\n\t\t\t\t<\/div>\n\t\t","protected":false},"excerpt":{"rendered":"<p>Qui suis-je ? Je m\u2019appelle Louise Gaudelette, j\u2019ai 24 ans et je suis graphiste \u00e0 Paris.J\u2019ai grandi dans un foyer [&hellip;]<\/p>\n","protected":false},"author":1,"featured_media":0,"parent":0,"menu_order":0,"comment_status":"closed","ping_status":"closed","template":"","meta":{"site-sidebar-layout":"no-sidebar","site-content-layout":"","ast-site-content-layout":"full-width-container","site-content-style":"default","site-sidebar-style":"default","ast-global-header-display":"","ast-banner-title-visibility":"","ast-main-header-display":"","ast-hfb-above-header-display":"","ast-hfb-below-header-display":"","ast-hfb-mobile-header-display":"","site-post-title":"disabled","ast-breadcrumbs-content":"","ast-featured-img":"disabled","footer-sml-layout":"","theme-transparent-header-meta":"","adv-header-id-meta":"","stick-header-meta":"","header-above-stick-meta":"","header-main-stick-meta":"","header-below-stick-meta":"","astra-migrate-meta-layouts":"default","ast-page-background-enabled":"default","ast-page-background-meta":{"desktop":{"background-color":"var(--ast-global-color-5)","background-image":"","background-repeat":"repeat","background-position":"center center","background-size":"auto","background-attachment":"scroll","background-type":"","background-media":"","overlay-type":"","overlay-color":"","overlay-opacity":"","overlay-gradient":""},"tablet":{"background-color":"","background-image":"","background-repeat":"repeat","background-position":"center center","background-size":"auto","background-attachment":"scroll","background-type":"","background-media":"","overlay-type":"","overlay-color":"","overlay-opacity":"","overlay-gradient":""},"mobile":{"background-color":"","background-image":"","background-repeat":"repeat","background-position":"center center","background-size":"auto","background-attachment":"scroll","background-type":"","background-media":"","overlay-type":"","overlay-color":"","overlay-opacity":"","overlay-gradient":""}},"ast-content-background-meta":{"desktop":{"background-color":"var(--ast-global-color-4)","background-image":"","background-repeat":"repeat","background-position":"center center","background-size":"auto","background-attachment":"scroll","background-type":"","background-media":"","overlay-type":"","overlay-color":"","overlay-opacity":"","overlay-gradient":""},"tablet":{"background-color":"var(--ast-global-color-4)","background-image":"","background-repeat":"repeat","background-position":"center center","background-size":"auto","background-attachment":"scroll","background-type":"","background-media":"","overlay-type":"","overlay-color":"","overlay-opacity":"","overlay-gradient":""},"mobile":{"background-color":"var(--ast-global-color-4)","background-image":"","background-repeat":"repeat","background-position":"center center","background-size":"auto","background-attachment":"scroll","background-type":"","background-media":"","overlay-type":"","overlay-color":"","overlay-opacity":"","overlay-gradient":""}},"footnotes":""},"class_list":["post-204","page","type-page","status-publish","hentry"],"_links":{"self":[{"href":"https:\/\/louisegaudelette.com\/index.php\/wp-json\/wp\/v2\/pages\/204","targetHints":{"allow":["GET"]}}],"collection":[{"href":"https:\/\/louisegaudelette.com\/index.php\/wp-json\/wp\/v2\/pages"}],"about":[{"href":"https:\/\/louisegaudelette.com\/index.php\/wp-json\/wp\/v2\/types\/page"}],"author":[{"embeddable":true,"href":"https:\/\/louisegaudelette.com\/index.php\/wp-json\/wp\/v2\/users\/1"}],"replies":[{"embeddable":true,"href":"https:\/\/louisegaudelette.com\/index.php\/wp-json\/wp\/v2\/comments?post=204"}],"version-history":[{"count":142,"href":"https:\/\/louisegaudelette.com\/index.php\/wp-json\/wp\/v2\/pages\/204\/revisions"}],"predecessor-version":[{"id":1573,"href":"https:\/\/louisegaudelette.com\/index.php\/wp-json\/wp\/v2\/pages\/204\/revisions\/1573"}],"wp:attachment":[{"href":"https:\/\/louisegaudelette.com\/index.php\/wp-json\/wp\/v2\/media?parent=204"}],"curies":[{"name":"wp","href":"https:\/\/api.w.org\/{rel}","templated":true}]}}